CRAN Package Check Results for Package spbabel

Last updated on 2023-09-28 23:08:59 CEST.

Flavor Version Tinstall Tcheck Ttotal Status Flags
r-devel-linux-x86_64-debian-clang 0.6.0 8.24 100.77 109.01 OK
r-devel-linux-x86_64-debian-gcc 0.6.0 6.20 75.03 81.23 OK
r-devel-linux-x86_64-fedora-clang 0.6.0 136.67 NOTE
r-devel-linux-x86_64-fedora-gcc 0.6.0 132.20 OK
r-devel-windows-x86_64 0.6.0 9.00 86.00 95.00 OK
r-patched-linux-x86_64 0.6.0 8.50 93.29 101.79 OK
r-release-linux-x86_64 0.6.0 9.28 95.35 104.63 OK
r-release-macos-arm64 0.6.0 40.00 OK
r-release-macos-x86_64 0.6.0 64.00 OK
r-release-windows-x86_64 0.6.0 12.00 104.00 116.00 OK
r-oldrel-macos-arm64 0.6.0 47.00 OK
r-oldrel-macos-x86_64 0.6.0 53.00 OK
r-oldrel-windows-x86_64 0.6.0 13.00 109.00 122.00 OK

Check Details

Version: 0.6.0
Check: Rd cross-references
Result: NOTE
    Undeclared package ‘vctrs’ in Rd xrefs
Flavor: r-devel-linux-x86_64-fedora-clang