CRAN Package Check Results for Package spcosa

Last updated on 2019-09-14 22:48:38 CEST.

Flavor Version Tinstall Tcheck Ttotal Status Flags
r-devel-linux-x86_64-debian-clang 0.3-8 10.72 199.62 210.34 OK
r-devel-linux-x86_64-debian-gcc 0.3-8 8.97 147.71 156.68 OK
r-devel-linux-x86_64-fedora-clang 0.3-8 255.01 OK
r-devel-linux-x86_64-fedora-gcc 0.3-8 234.02 OK
r-devel-windows-ix86+x86_64 0.3-8 25.00 7.00 32.00 ERROR
r-patched-linux-x86_64 0.3-8 9.36 192.55 201.91 OK
r-patched-solaris-x86 0.3-8 319.30 OK
r-release-linux-x86_64 0.3-8 10.07 190.58 200.65 OK
r-release-windows-ix86+x86_64 0.3-8 23.00 256.00 279.00 OK
r-release-osx-x86_64 0.3-8 FAIL
r-oldrel-windows-ix86+x86_64 0.3-8 18.00 200.00 218.00 OK
r-oldrel-osx-x86_64 0.3-8 OK

Check Details

Version: 0.3-8
Check: whether package can be installed
Result: ERROR
    Installation failed.
Flavor: r-devel-windows-ix86+x86_64

Version: 0.3-8
Check: re-building of vignette outputs
Result: FAIL
    
Flavor: r-release-osx-x86_64