CRAN Package Check Results for Package specr

Last updated on 2021-10-20 23:50:26 CEST.

Flavor Version Tinstall Tcheck Ttotal Status Flags
r-devel-linux-x86_64-debian-clang 0.2.1 12.06 212.14 224.20 OK
r-devel-linux-x86_64-debian-gcc 0.2.1 10.25 155.10 165.35 OK
r-devel-linux-x86_64-fedora-clang 0.2.1 259.72 OK
r-devel-linux-x86_64-fedora-gcc 0.2.1 255.94 OK
r-devel-windows-x86_64 0.2.1 18.00 225.00 243.00 OK
r-devel-windows-x86_64-gcc10-UCRT 0.2.1 ERROR
r-patched-linux-x86_64 0.2.1 12.21 216.98 229.19 OK
r-patched-solaris-x86 0.2.1 250.30 OK
r-release-linux-x86_64 0.2.1 12.03 218.34 230.37 OK
r-release-macos-arm64 0.2.1 OK
r-release-macos-x86_64 0.2.1 OK
r-release-windows-ix86+x86_64 0.2.1 29.00 272.00 301.00 OK
r-oldrel-macos-x86_64 0.2.1 OK
r-oldrel-windows-ix86+x86_64 0.2.1 29.00 275.00 304.00 OK

Check Details

Version: 0.2.1
Check: package dependencies
Result: ERROR
    Packages required but not available: 'ggraph', 'igraph'
    
    See section 'The DESCRIPTION file' in the 'Writing R Extensions'
    manual.
Flavor: r-devel-windows-x86_64-gcc10-UCRT