Last updated on 2022-08-12 22:56:10 CEST.
Flavor | Version | Tinstall | Tcheck | Ttotal | Status | Flags |
---|---|---|---|---|---|---|
r-devel-linux-x86_64-debian-clang | 3.12.0 | 18.75 | 148.37 | 167.12 | NOTE | |
r-devel-linux-x86_64-debian-gcc | 3.12.0 | 14.57 | 110.88 | 125.45 | NOTE | |
r-devel-linux-x86_64-fedora-clang | 3.12.0 | 215.76 | NOTE | |||
r-devel-linux-x86_64-fedora-gcc | 3.12.0 | 218.40 | NOTE | |||
r-devel-windows-x86_64 | 3.12.0 | 298.00 | 170.00 | 468.00 | NOTE | |
r-patched-linux-x86_64 | 3.12.0 | 18.13 | 139.25 | 157.38 | NOTE | |
r-release-linux-x86_64 | 3.12.0 | 14.29 | 140.37 | 154.66 | NOTE | |
r-release-macos-arm64 | 3.12.0 | 58.00 | NOTE | |||
r-release-macos-x86_64 | 3.12.0 | 92.00 | NOTE | |||
r-release-windows-x86_64 | 3.12.0 | 330.00 | 169.00 | 499.00 | NOTE | |
r-oldrel-macos-arm64 | 3.12.0 | 68.00 | NOTE | |||
r-oldrel-macos-x86_64 | 3.12.0 | 99.00 | NOTE | |||
r-oldrel-windows-ix86+x86_64 | 3.12.0 | 41.00 | 167.00 | 208.00 | NOTE |
Version: 3.12.0
Check: LazyData
Result: NOTE
'LazyData' is specified without a 'data' directory
Flavors: r-devel-linux-x86_64-debian-clang, r-devel-linux-x86_64-debian-gcc, r-devel-linux-x86_64-fedora-clang, r-devel-linux-x86_64-fedora-gcc, r-devel-windows-x86_64, r-patched-linux-x86_64, r-release-linux-x86_64, r-release-macos-arm64, r-release-macos-x86_64, r-release-windows-x86_64, r-oldrel-macos-arm64, r-oldrel-macos-x86_64, r-oldrel-windows-ix86+x86_64