CRAN Package Check Results for Package spectralGraphTopology

Last updated on 2019-07-23 22:48:59 CEST.

Flavor Version Tinstall Tcheck Ttotal Status Flags
r-devel-linux-x86_64-debian-clang 0.1.1 42.35 50.53 92.88 NOTE
r-devel-linux-x86_64-debian-gcc 0.1.1 32.21 42.13 74.34 NOTE
r-devel-linux-x86_64-fedora-clang 0.1.1 138.09 NOTE
r-devel-linux-x86_64-fedora-gcc 0.1.1 135.21 NOTE
r-devel-windows-ix86+x86_64 0.1.1 77.00 0.00 77.00 FAIL
r-patched-linux-x86_64 0.1.1 38.00 52.32 90.32 OK
r-patched-solaris-x86 0.1.1 5.20 ERROR
r-release-linux-x86_64 0.1.1 37.77 50.93 88.70 OK
r-release-windows-ix86+x86_64 0.1.1 78.00 110.00 188.00 OK
r-release-osx-x86_64 0.1.1 ERROR
r-oldrel-windows-ix86+x86_64 0.1.1 106.00 0.00 106.00 FAIL
r-oldrel-osx-x86_64 0.1.1 ERROR

Check Details

Version: 0.1.1
Check: for non-standard things in the check directory
Result: NOTE
    Found the following files/directories:
     'twomoon.ps'
Flavors: r-devel-linux-x86_64-debian-clang, r-devel-linux-x86_64-debian-gcc, r-devel-linux-x86_64-fedora-clang, r-devel-linux-x86_64-fedora-gcc

Version: 0.1.1
Check: installed package size
Result: NOTE
     installed size is 5.3Mb
     sub-directories of 1Mb or more:
     doc 2.5Mb
     libs 2.5Mb
Flavors: r-devel-linux-x86_64-fedora-clang, r-release-osx-x86_64, r-oldrel-osx-x86_64

Version: 0.1.1
Check: running tests for arch ‘x64’
Result: FAIL
    Check process probably crashed or hung up for 20 minutes ... killed
    Most likely this happened in the example checks (?),
    if not, ignore the following last lines of example output:
    
    ======== End of example output (where/before crash/hang up occured ?) ========
Flavors: r-devel-windows-ix86+x86_64, r-oldrel-windows-ix86+x86_64

Version: 0.1.1
Check: package dependencies
Result: ERROR
    Package required but not available: ‘osqp’
    
    See section ‘The DESCRIPTION file’ in the ‘Writing R Extensions’
    manual.
Flavor: r-patched-solaris-x86

Version: 0.1.1
Check: tests
Result: ERROR
     Running ‘testthat.R’ [10s/10s]
    Running the tests in ‘tests/testthat.R’ failed.
    Last 13 lines of output:
     > library(testthat)
     > library(spectralGraphTopology)
     >
     > test_check("spectralGraphTopology")
     ── 1. Failure: blockDiag throws an exception when shape is not square (@test-uti
     `block_diag(matrix(-1, N1, N1), matrix(-1, N1, N2))` threw an error with unexpected message.
     Expected match: "matrix is not square"
     Actual message: "c++ exception (unknown reason)"
    
     ══ testthat results ═══════════════════════════════════════════════════════════
     [ OK: 100 | SKIPPED: 0 | WARNINGS: 88 | FAILED: 1 ]
     1. Failure: blockDiag throws an exception when shape is not square (@test-utils.R#21)
    
     Error: testthat unit tests failed
     Execution halted
Flavor: r-release-osx-x86_64

Version: 0.1.1
Check: tests
Result: ERROR
     Running ‘testthat.R’ [18s/18s]
    Running the tests in ‘tests/testthat.R’ failed.
    Last 13 lines of output:
     > library(testthat)
     > library(spectralGraphTopology)
     >
     > test_check("spectralGraphTopology")
     ── 1. Failure: blockDiag throws an exception when shape is not square (@test-uti
     `block_diag(matrix(-1, N1, N1), matrix(-1, N1, N2))` threw an error with unexpected message.
     Expected match: "matrix is not square"
     Actual message: "c++ exception (unknown reason)"
    
     ══ testthat results ═══════════════════════════════════════════════════════════
     [ OK: 100 | SKIPPED: 0 | WARNINGS: 88 | FAILED: 1 ]
     1. Failure: blockDiag throws an exception when shape is not square (@test-utils.R#21)
    
     Error: testthat unit tests failed
     Execution halted
Flavor: r-oldrel-osx-x86_64