CRAN Package Check Results for Package spectralGraphTopology

Last updated on 2019-12-11 22:51:24 CET.

Flavor Version Tinstall Tcheck Ttotal Status Flags
r-devel-linux-x86_64-debian-clang 0.2.0 50.00 53.04 103.04 OK
r-devel-linux-x86_64-debian-gcc 0.2.0 33.85 43.89 77.74 OK
r-devel-linux-x86_64-fedora-clang 0.2.0 136.75 NOTE
r-devel-linux-x86_64-fedora-gcc 0.2.0 126.78 OK
r-devel-windows-ix86+x86_64 0.2.0 102.00 138.00 240.00 NOTE
r-devel-windows-ix86+x86_64-gcc8 0.2.0 119.00 130.00 249.00 NOTE
r-patched-linux-x86_64 0.2.0 41.31 46.72 88.03 OK
r-patched-solaris-x86 0.2.0 139.20 OK
r-release-linux-x86_64 0.2.0 37.46 52.75 90.21 OK
r-release-windows-ix86+x86_64 0.2.0 80.00 102.00 182.00 NOTE
r-release-osx-x86_64 0.2.0 NOTE
r-oldrel-windows-ix86+x86_64 0.2.0 82.00 95.00 177.00 NOTE
r-oldrel-osx-x86_64 0.2.0 NOTE

Check Details

Version: 0.2.0
Check: installed package size
Result: NOTE
     installed size is 6.1Mb
     sub-directories of 1Mb or more:
     doc 3.1Mb
     libs 2.6Mb
Flavors: r-devel-linux-x86_64-fedora-clang, r-devel-windows-ix86+x86_64, r-devel-windows-ix86+x86_64-gcc8, r-release-windows-ix86+x86_64, r-release-osx-x86_64, r-oldrel-windows-ix86+x86_64, r-oldrel-osx-x86_64