Last updated on 2023-09-30 22:59:20 CEST.
Flavor | Version | Tinstall | Tcheck | Ttotal | Status | Flags |
---|---|---|---|---|---|---|
r-devel-linux-x86_64-debian-clang | 1.0.2 | 52.51 | 42.36 | 94.87 | NOTE | |
r-devel-linux-x86_64-debian-gcc | 1.0.2 | 41.03 | 32.77 | 73.80 | NOTE | |
r-devel-linux-x86_64-fedora-clang | 1.0.2 | 145.24 | NOTE | |||
r-devel-linux-x86_64-fedora-gcc | 1.0.2 | 153.20 | NOTE | |||
r-devel-windows-x86_64 | 1.0.2 | 42.00 | 75.00 | 117.00 | NOTE | |
r-patched-linux-x86_64 | 1.0.2 | 51.24 | 41.09 | 92.33 | NOTE | |
r-release-linux-x86_64 | 1.0.2 | 40.46 | 40.97 | 81.43 | NOTE | |
r-release-macos-arm64 | 1.0.2 | 52.00 | NOTE | |||
r-release-macos-x86_64 | 1.0.2 | 95.00 | NOTE | |||
r-release-windows-x86_64 | 1.0.2 | 56.00 | 86.00 | 142.00 | NOTE | |
r-oldrel-macos-arm64 | 1.0.2 | 41.00 | NOTE | |||
r-oldrel-macos-x86_64 | 1.0.2 | 67.00 | NOTE | |||
r-oldrel-windows-x86_64 | 1.0.2 | 54.00 | 86.00 | 140.00 | OK |
Version: 1.0.2
Check: C++ specification
Result: NOTE
Specified C++11: please drop specification unless essential
Flavors: r-devel-linux-x86_64-debian-clang, r-devel-linux-x86_64-debian-gcc, r-devel-linux-x86_64-fedora-clang, r-devel-linux-x86_64-fedora-gcc, r-devel-windows-x86_64, r-patched-linux-x86_64, r-release-linux-x86_64, r-release-macos-arm64, r-release-macos-x86_64, r-release-windows-x86_64
Version: 1.0.2
Check: installed package size
Result: NOTE
installed size is 7.3Mb
sub-directories of 1Mb or more:
libs 7.0Mb
Flavors: r-release-macos-arm64, r-release-macos-x86_64, r-oldrel-macos-arm64, r-oldrel-macos-x86_64