CRAN Package Check Results for Package splines2

Last updated on 2021-12-07 22:59:45 CET.

Flavor Version Tinstall Tcheck Ttotal Status Flags
r-devel-linux-x86_64-debian-clang 0.4.5 101.52 48.76 150.28 OK
r-devel-linux-x86_64-debian-gcc 0.4.5 83.35 38.60 121.95 OK
r-devel-linux-x86_64-fedora-clang 0.4.5 247.57 NOTE
r-devel-linux-x86_64-fedora-gcc 0.4.5 216.00 OK
r-devel-windows-x86_64-new-UL 0.4.5 138.00 120.00 258.00 OK
r-devel-windows-x86_64-new-TK 0.4.5 OK
r-devel-windows-x86_64-old 0.4.5 143.00 63.00 206.00 OK
r-patched-linux-x86_64 0.4.5 100.35 47.97 148.32 OK
r-release-linux-x86_64 0.4.5 100.21 48.07 148.28 OK
r-release-macos-arm64 0.4.5 NOTE
r-release-macos-x86_64 0.4.5 NOTE
r-release-windows-ix86+x86_64 0.4.5 207.00 104.00 311.00 OK
r-oldrel-macos-x86_64 0.4.5 NOTE
r-oldrel-windows-ix86+x86_64 0.4.5 280.00 110.00 390.00 OK

Check Details

Version: 0.4.5
Check: installed package size
Result: NOTE
     installed size is 5.5Mb
     sub-directories of 1Mb or more:
     libs 4.1Mb
Flavors: r-devel-linux-x86_64-fedora-clang, r-release-macos-arm64, r-release-macos-x86_64, r-oldrel-macos-x86_64