CRAN Package Check Results for Package splines2

Last updated on 2024-02-27 23:08:27 CET.

Flavor Version Tinstall Tcheck Ttotal Status Flags
r-devel-linux-x86_64-debian-clang 0.5.1 46.57 51.28 97.85 OK
r-devel-linux-x86_64-debian-gcc 0.5.1 36.51 38.71 75.22 OK
r-devel-linux-x86_64-fedora-clang 0.5.1 129.22 OK
r-devel-linux-x86_64-fedora-gcc 0.5.1 142.01 OK
r-devel-windows-x86_64 0.5.1 35.00 83.00 118.00 OK
r-patched-linux-x86_64 0.5.1 39.80 50.01 89.81 OK
r-release-linux-x86_64 0.5.1 43.59 49.22 92.81 OK
r-release-macos-arm64 0.5.1 49.00 NOTE
r-release-macos-x86_64 0.5.1 138.00 NOTE
r-release-windows-x86_64 0.5.1 46.00 97.00 143.00 OK
r-oldrel-macos-arm64 0.5.1 42.00 NOTE
r-oldrel-windows-x86_64 0.5.1 45.00 102.00 147.00 OK

Check Details

Version: 0.5.1
Check: installed package size
Result: NOTE installed size is 5.1Mb sub-directories of 1Mb or more: doc 1.2Mb libs 3.3Mb Flavors: r-release-macos-arm64, r-release-macos-x86_64, r-oldrel-macos-arm64