CRAN Package Check Results for Package splitstackshape

Last updated on 2021-10-23 22:58:03 CEST.

Flavor Version Tinstall Tcheck Ttotal Status Flags
r-devel-linux-x86_64-debian-clang 1.4.8 2.91 35.72 38.63 OK
r-devel-linux-x86_64-debian-gcc 1.4.8 2.77 26.46 29.23 OK
r-devel-linux-x86_64-fedora-clang 1.4.8 56.45 NOTE
r-devel-linux-x86_64-fedora-gcc 1.4.8 44.56 OK
r-devel-windows-x86_64 1.4.8 6.00 42.00 48.00 OK
r-devel-windows-x86_64-gcc10-UCRT 1.4.8 OK
r-patched-linux-x86_64 1.4.8 3.78 32.47 36.25 OK
r-patched-solaris-x86 1.4.8 72.60 OK
r-release-linux-x86_64 1.4.8 3.02 32.85 35.87 OK
r-release-macos-arm64 1.4.8 OK
r-release-macos-x86_64 1.4.8 OK
r-release-windows-ix86+x86_64 1.4.8 5.00 56.00 61.00 OK
r-oldrel-macos-x86_64 1.4.8 OK
r-oldrel-windows-ix86+x86_64 1.4.8 6.00 53.00 59.00 OK

Check Details

Version: 1.4.8
Check: Rd cross-references
Result: NOTE
    Undeclared packages ‘reshape2’, ‘sampling’, ‘dplyr’ in Rd xrefs
Flavor: r-devel-linux-x86_64-fedora-clang