CRAN Package Check Results for Package spm

Last updated on 2021-12-01 22:53:26 CET.

Flavor Version Tinstall Tcheck Ttotal Status Flags
r-devel-linux-x86_64-debian-clang 1.2.1 7.38 42.73 50.11 OK
r-devel-linux-x86_64-debian-gcc 1.2.1 6.99 34.43 41.42 OK
r-devel-linux-x86_64-fedora-clang 1.2.1 73.57 NOTE
r-devel-linux-x86_64-fedora-gcc 1.2.1 60.49 NOTE
r-devel-windows-x86_64-new-UL 1.2.1 21.00 84.00 105.00 OK
r-devel-windows-x86_64-new-TK 1.2.1 NOTE
r-devel-windows-x86_64-old 1.2.1 15.00 52.00 67.00 OK
r-patched-linux-x86_64 1.2.1 8.07 40.98 49.05 OK
r-patched-solaris-x86 1.2.1 84.20 NOTE
r-release-linux-x86_64 1.2.1 7.57 40.47 48.04 OK
r-release-macos-arm64 1.2.1 NOTE
r-release-macos-x86_64 1.2.1 NOTE
r-release-windows-ix86+x86_64 1.2.1 18.00 66.00 84.00 OK
r-oldrel-macos-x86_64 1.2.1 NOTE
r-oldrel-windows-ix86+x86_64 1.2.1 17.00 64.00 81.00 OK

Check Details

Version: 1.2.1
Check: dependencies in R code
Result: NOTE
    Namespace in Imports field not imported from: ‘biomod2’
     All declared Imports should be used.
Flavors: r-devel-linux-x86_64-fedora-clang, r-devel-linux-x86_64-fedora-gcc, r-devel-windows-x86_64-new-TK, r-patched-solaris-x86, r-release-macos-arm64, r-release-macos-x86_64, r-oldrel-macos-x86_64

Version: 1.2.1
Check: installed package size
Result: NOTE
     installed size is 5.1Mb
     sub-directories of 1Mb or more:
     data 4.7Mb
Flavor: r-release-macos-arm64