CRAN Package Check Results for Package spm

Last updated on 2019-09-21 22:49:10 CEST.

Flavor Version Tinstall Tcheck Ttotal Status Flags
r-devel-linux-x86_64-debian-clang 1.2.0 5.90 33.31 39.21 OK
r-devel-linux-x86_64-debian-gcc 1.2.0 5.59 27.24 32.83 OK
r-devel-linux-x86_64-fedora-clang 1.2.0 50.59 NOTE
r-devel-linux-x86_64-fedora-gcc 1.2.0 49.45 NOTE
r-devel-windows-ix86+x86_64 1.2.0 28.00 76.00 104.00 OK
r-patched-linux-x86_64 1.2.0 6.77 33.77 40.54 OK
r-patched-solaris-x86 1.2.0 74.10 NOTE
r-release-linux-x86_64 1.2.0 6.53 33.73 40.26 OK
r-release-windows-ix86+x86_64 1.2.0 11.00 50.00 61.00 OK
r-release-osx-x86_64 1.2.0 NOTE
r-oldrel-windows-ix86+x86_64 1.2.0 9.00 47.00 56.00 OK
r-oldrel-osx-x86_64 1.2.0 NOTE

Check Details

Version: 1.2.0
Check: dependencies in R code
Result: NOTE
    Namespace in Imports field not imported from: ‘biomod2’
     All declared Imports should be used.
Flavors: r-devel-linux-x86_64-fedora-clang, r-devel-linux-x86_64-fedora-gcc, r-patched-solaris-x86, r-release-osx-x86_64, r-oldrel-osx-x86_64