CRAN Package Check Results for Package spm12r

Last updated on 2018-11-13 22:49:53 CET.

Flavor Version Tinstall Tcheck Ttotal Status Flags
r-devel-linux-x86_64-debian-clang 2.8.0 5.78 70.59 76.37 OK
r-devel-linux-x86_64-debian-gcc 2.8.0 4.83 56.56 61.39 OK
r-devel-linux-x86_64-fedora-clang 2.8.0 89.36 OK
r-devel-linux-x86_64-fedora-gcc 2.8.0 87.34 OK
r-devel-windows-ix86+x86_64 2.8.0 8.00 91.00 99.00 ERROR --no-vignettes
r-patched-linux-x86_64 2.8.0 4.87 60.87 65.74 OK
r-patched-solaris-x86 2.8.0 127.20 OK
r-release-linux-x86_64 2.8.0 3.25 61.38 64.63 OK
r-release-windows-ix86+x86_64 2.8.0 16.00 62.00 78.00 ERROR --no-vignettes
r-release-osx-x86_64 2.8.0 OK
r-oldrel-windows-ix86+x86_64 2.8.0 16.00 63.00 79.00 ERROR --no-vignettes
r-oldrel-osx-x86_64 2.8.0 OK

Check Details

Version: 2.8.0
Flags: --no-vignettes
Check: examples
Result: ERROR
    Running examples in 'spm12r-Ex.R' failed
    The error most likely occurred in:
    
    > ### Name: install_spm12
    > ### Title: Install SPM12 file into directory
    > ### Aliases: install_spm12
    >
    > ### ** Examples
    >
    > tdir = tempfile()
    > dir.create(tdir)
    > res = install_spm12(install_dir = tdir)
    cloning into 'D:\temp\RtmpWcu59g\file1a1c46cf03be/spm12'...
    Error in git2r::clone("https://github.com/muschellij2/spm12r", branch = "gh-pages", :
     Error in 'git2r_clone': unknown certificate check failure
    Calls: install_spm12 -> <Anonymous>
    Execution halted
Flavor: r-devel-windows-ix86+x86_64

Version: 2.8.0
Flags: --no-vignettes
Check: examples
Result: ERROR
    Running examples in 'spm12r-Ex.R' failed
    The error most likely occurred in:
    
    > ### Name: install_spm12
    > ### Title: Install SPM12 file into directory
    > ### Aliases: install_spm12
    >
    > ### ** Examples
    >
    > tdir = tempfile()
    > dir.create(tdir)
    > res = install_spm12(install_dir = tdir)
    cloning into 'D:\temp\RtmpmwjkAP\file15274269fd68/spm12'...
    Error in git2r::clone("https://github.com/muschellij2/spm12r", branch = "gh-pages", :
     Error in 'git2r_clone': unknown certificate check failure
    Calls: install_spm12 -> <Anonymous>
    Execution halted
Flavor: r-release-windows-ix86+x86_64

Version: 2.8.0
Flags: --no-vignettes
Check: examples
Result: ERROR
    Running examples in 'spm12r-Ex.R' failed
    The error most likely occurred in:
    
    > ### Name: install_spm12
    > ### Title: Install SPM12 file into directory
    > ### Aliases: install_spm12
    >
    > ### ** Examples
    >
    > tdir = tempfile()
    > dir.create(tdir)
    > res = install_spm12(install_dir = tdir)
    cloning into 'D:\temp\Rtmp00UcXp\file2646418a365f4/spm12'...
    Error in git2r::clone("https://github.com/muschellij2/spm12r", branch = "gh-pages", :
     Error in 'git2r_clone': unknown certificate check failure
    Calls: install_spm12 -> <Anonymous> -> .Call
    Execution halted
Flavor: r-oldrel-windows-ix86+x86_64