CRAN Package Check Results for Package spocc

Last updated on 2021-07-23 22:53:23 CEST.

Flavor Version Tinstall Tcheck Ttotal Status Flags
r-devel-linux-x86_64-debian-clang 1.2.0 15.55 87.59 103.14 NOTE
r-devel-linux-x86_64-debian-gcc 1.2.0 12.12 63.84 75.96 NOTE
r-devel-linux-x86_64-fedora-clang 1.2.0 122.94 NOTE
r-devel-linux-x86_64-fedora-gcc 1.2.0 110.99 NOTE
r-devel-windows-x86_64 1.2.0 12.00 77.00 89.00 NOTE
r-devel-windows-x86_64-gcc10-UCRT 1.2.0 NOTE
r-patched-linux-x86_64 1.2.0 23.00 80.91 103.91 NOTE
r-patched-solaris-x86 1.2.0 156.30 NOTE
r-release-linux-x86_64 1.2.0 15.67 80.84 96.51 NOTE
r-release-macos-arm64 1.2.0 NOTE
r-release-macos-x86_64 1.2.0 NOTE
r-release-windows-ix86+x86_64 1.2.0 23.00 94.00 117.00 NOTE
r-oldrel-macos-x86_64 1.2.0 OK
r-oldrel-windows-ix86+x86_64 1.2.0 30.00 103.00 133.00 OK

Check Details

Version: 1.2.0
Check: LazyData
Result: NOTE
     'LazyData' is specified without a 'data' directory
Flavors: r-devel-linux-x86_64-debian-clang, r-devel-linux-x86_64-debian-gcc, r-devel-linux-x86_64-fedora-clang, r-devel-linux-x86_64-fedora-gcc, r-devel-windows-x86_64, r-devel-windows-x86_64-gcc10-UCRT, r-patched-linux-x86_64, r-patched-solaris-x86, r-release-linux-x86_64, r-release-macos-arm64, r-release-macos-x86_64, r-release-windows-ix86+x86_64

Version: 1.2.0
Check: package dependencies
Result: NOTE
    Package suggested but not available for checking: ‘taxize’
Flavor: r-devel-linux-x86_64-debian-gcc