Last updated on 2023-12-08 21:58:46 CET.
Flavor | Version | Tinstall | Tcheck | Ttotal | Status | Flags |
---|---|---|---|---|---|---|
r-devel-linux-x86_64-debian-clang | 1.2.2 | 12.85 | 89.57 | 102.42 | NOTE | |
r-devel-linux-x86_64-debian-gcc | 1.2.2 | 8.73 | 65.25 | 73.98 | NOTE | |
r-devel-linux-x86_64-fedora-clang | 1.2.2 | 125.83 | NOTE | |||
r-devel-linux-x86_64-fedora-gcc | 1.2.2 | 127.02 | NOTE | |||
r-devel-windows-x86_64 | 1.2.2 | 11.00 | 89.00 | 100.00 | NOTE | |
r-patched-linux-x86_64 | 1.2.2 | 17.98 | 84.43 | 102.41 | OK | |
r-release-linux-x86_64 | 1.2.2 | 11.34 | 83.67 | 95.01 | OK | |
r-release-macos-arm64 | 1.2.2 | 36.00 | OK | |||
r-release-macos-x86_64 | 1.2.2 | 56.00 | OK | |||
r-release-windows-x86_64 | 1.2.2 | 13.00 | 103.00 | 116.00 | OK | |
r-oldrel-macos-arm64 | 1.2.2 | 28.00 | OK | |||
r-oldrel-macos-x86_64 | 1.2.2 | 50.00 | OK | |||
r-oldrel-windows-x86_64 | 1.2.2 | 15.00 | 94.00 | 109.00 | OK |
Version: 1.2.2
Check: Rd \usage sections
Result: NOTE
Documented arguments not in \usage in Rd file 'obis_search.Rd':
‘scientificname’
Documented arguments not in \usage in Rd file 'spocc_objects.Rd':
‘n’
Functions with \usage entries need to have the appropriate \alias
entries, and all their arguments documented.
The \usage entries must correspond to syntactically valid R code.
See chapter ‘Writing R documentation files’ in the ‘Writing R
Extensions’ manual.
Flavors: r-devel-linux-x86_64-debian-clang, r-devel-linux-x86_64-debian-gcc, r-devel-linux-x86_64-fedora-clang, r-devel-linux-x86_64-fedora-gcc, r-devel-windows-x86_64