Last updated on 2023-10-01 23:03:59 CEST.
Flavor | Version | Tinstall | Tcheck | Ttotal | Status | Flags |
---|---|---|---|---|---|---|
r-devel-linux-x86_64-debian-clang | 0.2.0 | 28.94 | 111.82 | 140.76 | NOTE | |
r-devel-linux-x86_64-debian-gcc | 0.2.0 | 24.44 | 80.22 | 104.66 | NOTE | |
r-devel-linux-x86_64-fedora-clang | 0.2.0 | 184.33 | NOTE | |||
r-devel-linux-x86_64-fedora-gcc | 0.2.0 | 187.22 | NOTE | |||
r-devel-windows-x86_64 | 0.2.0 | 27.00 | 115.00 | 142.00 | NOTE | |
r-patched-linux-x86_64 | 0.2.0 | 30.36 | 102.84 | 133.20 | NOTE | |
r-release-linux-x86_64 | 0.2.0 | 32.07 | 104.72 | 136.79 | NOTE | |
r-release-macos-arm64 | 0.2.0 | 61.00 | NOTE | |||
r-release-macos-x86_64 | 0.2.0 | 110.00 | NOTE | |||
r-release-windows-x86_64 | 0.2.0 | 35.00 | 140.00 | 175.00 | NOTE | |
r-oldrel-macos-arm64 | 0.2.0 | 55.00 | NOTE | |||
r-oldrel-macos-x86_64 | 0.2.0 | 94.00 | NOTE | |||
r-oldrel-windows-x86_64 | 0.2.0 | 35.00 | 142.00 | 177.00 | OK |
Version: 0.2.0
Check: C++ specification
Result: NOTE
Specified C++11: please drop specification unless essential
Flavors: r-devel-linux-x86_64-debian-clang, r-devel-linux-x86_64-debian-gcc, r-devel-linux-x86_64-fedora-clang, r-devel-linux-x86_64-fedora-gcc, r-devel-windows-x86_64, r-patched-linux-x86_64, r-release-linux-x86_64, r-release-macos-arm64, r-release-macos-x86_64, r-release-windows-x86_64
Version: 0.2.0
Check: data for non-ASCII characters
Result: NOTE
Note: found 7587 marked UTF-8 strings
Flavors: r-devel-linux-x86_64-fedora-clang, r-devel-linux-x86_64-fedora-gcc, r-oldrel-macos-arm64, r-oldrel-macos-x86_64