Last updated on 2023-09-24 22:59:53 CEST.
Flavor | Version | Tinstall | Tcheck | Ttotal | Status | Flags |
---|---|---|---|---|---|---|
r-devel-linux-x86_64-debian-clang | 0.9.0 | 37.87 | 86.52 | 124.39 | NOTE | |
r-devel-linux-x86_64-debian-gcc | 0.9.0 | 25.85 | 66.39 | 92.24 | NOTE | |
r-devel-linux-x86_64-fedora-clang | 0.9.0 | 170.86 | NOTE | |||
r-devel-linux-x86_64-fedora-gcc | 0.9.0 | 169.61 | NOTE | |||
r-devel-windows-x86_64 | 0.9.0 | 32.00 | 104.00 | 136.00 | NOTE | |
r-patched-linux-x86_64 | 0.9.0 | 32.81 | 83.71 | 116.52 | NOTE | |
r-release-linux-x86_64 | 0.9.0 | 35.64 | 84.02 | 119.66 | NOTE | |
r-release-macos-arm64 | 0.9.0 | 53.00 | NOTE | |||
r-release-macos-x86_64 | 0.9.0 | 87.00 | NOTE | |||
r-release-windows-x86_64 | 0.9.0 | 40.00 | 125.00 | 165.00 | NOTE | |
r-oldrel-macos-arm64 | 0.9.0 | 46.00 | OK | |||
r-oldrel-macos-x86_64 | 0.9.0 | 57.00 | OK | |||
r-oldrel-windows-x86_64 | 0.9.0 | 39.00 | 124.00 | 163.00 | OK |
Version: 0.9.0
Check: C++ specification
Result: NOTE
Specified C++11: please drop specification unless essential
Flavors: r-devel-linux-x86_64-debian-clang, r-devel-linux-x86_64-debian-gcc, r-devel-linux-x86_64-fedora-clang, r-devel-linux-x86_64-fedora-gcc, r-devel-windows-x86_64, r-patched-linux-x86_64, r-release-linux-x86_64, r-release-macos-arm64, r-release-macos-x86_64, r-release-windows-x86_64