CRAN Package Check Results for Package spsUtil

Last updated on 2021-12-01 22:53:26 CET.

Flavor Version Tinstall Tcheck Ttotal Status Flags
r-devel-linux-x86_64-debian-clang 0.2.2 4.71 27.09 31.80 OK
r-devel-linux-x86_64-debian-gcc 0.2.2 3.27 22.63 25.90 OK
r-devel-linux-x86_64-fedora-clang 0.2.2 49.39 NOTE
r-devel-linux-x86_64-fedora-gcc 0.2.2 38.57 OK
r-devel-windows-x86_64-new-UL 0.2.2 10.00 62.00 72.00 OK
r-devel-windows-x86_64-new-TK 0.2.2 OK
r-devel-windows-x86_64-old 0.2.2 8.00 36.00 44.00 OK
r-patched-linux-x86_64 0.2.2 4.78 26.38 31.16 OK
r-patched-solaris-x86 0.2.2 57.90 OK
r-release-linux-x86_64 0.2.2 4.53 26.04 30.57 OK
r-release-macos-arm64 0.2.2 OK
r-release-macos-x86_64 0.2.2 OK
r-release-windows-ix86+x86_64 0.2.2 9.00 48.00 57.00 OK
r-oldrel-macos-x86_64 0.2.2 OK
r-oldrel-windows-ix86+x86_64 0.2.2 9.00 47.00 56.00 OK

Check Details

Version: 0.2.2
Check: Rd cross-references
Result: NOTE
    Undeclared package ‘shiny’ in Rd xrefs
Flavor: r-devel-linux-x86_64-fedora-clang