CRAN Package Check Results for Package spsurvey

Last updated on 2021-05-12 22:53:47 CEST.

Flavor Version Tinstall Tcheck Ttotal Status Flags
r-devel-linux-x86_64-debian-clang 4.1.4 41.49 277.01 318.50 OK --no-vignettes
r-devel-linux-x86_64-debian-gcc 4.1.4 34.62 202.65 237.27 OK --no-vignettes
r-devel-linux-x86_64-fedora-clang 4.1.4 1334.91 OK
r-devel-linux-x86_64-fedora-gcc 4.1.4 1311.12 OK
r-devel-windows-ix86+x86_64 4.1.4 74.00 197.00 271.00 OK --no-vignettes
r-devel-windows-x86_64-gcc10-UCRT 4.1.4 OK
r-patched-linux-x86_64 4.1.4 43.13 258.38 301.51 OK --no-vignettes
r-patched-solaris-x86 4.1.4 604.30 NOTE --no-vignettes
r-release-linux-x86_64 4.1.4 39.77 244.50 284.27 OK --no-vignettes
r-release-macos-x86_64 4.1.4 OK
r-release-windows-ix86+x86_64 4.1.4 58.00 286.00 344.00 OK --no-vignettes
r-oldrel-macos-x86_64 4.1.4 OK
r-oldrel-windows-ix86+x86_64 4.1.4 65.00 243.00 308.00 OK --no-vignettes

Check Details

Version: 4.1.4
Flags: --no-vignettes
Check: installed package size
Result: NOTE
     installed size is 5.4Mb
     sub-directories of 1Mb or more:
     doc 2.9Mb
Flavor: r-patched-solaris-x86