Last updated on 2022-08-11 23:00:14 CEST.
Flavor | Version | Tinstall | Tcheck | Ttotal | Status | Flags |
---|---|---|---|---|---|---|
r-devel-linux-x86_64-debian-clang | 1.3-2 | 33.63 | 447.62 | 481.25 | OK | |
r-devel-linux-x86_64-debian-gcc | 1.3-2 | 23.83 | 323.72 | 347.55 | OK | |
r-devel-linux-x86_64-fedora-clang | 1.3-2 | 539.55 | NOTE | |||
r-devel-linux-x86_64-fedora-gcc | 1.3-2 | 555.97 | NOTE | |||
r-devel-windows-x86_64 | 1.3-2 | 49.00 | 444.00 | 493.00 | OK | |
r-patched-linux-x86_64 | 1.3-2 | 29.73 | 429.10 | 458.83 | OK | |
r-release-linux-x86_64 | 1.3-2 | 31.62 | 425.95 | 457.57 | OK | |
r-release-macos-arm64 | 1.3-2 | 114.00 | NOTE | |||
r-release-macos-x86_64 | 1.3-2 | 171.00 | NOTE | |||
r-release-windows-x86_64 | 1.3-2 | 55.00 | 444.00 | 499.00 | OK | |
r-oldrel-macos-arm64 | 1.3-2 | 80.00 | NOTE | |||
r-oldrel-macos-x86_64 | 1.3-2 | 136.00 | NOTE | |||
r-oldrel-windows-ix86+x86_64 | 1.3-2 | 68.00 | 438.00 | 506.00 | OK |
Version: 1.3-2
Check: dependencies in R code
Result: NOTE
Namespace in Imports field not imported from: ‘sp’
All declared Imports should be used.
Flavors: r-devel-linux-x86_64-fedora-clang, r-devel-linux-x86_64-fedora-gcc, r-release-macos-arm64, r-release-macos-x86_64, r-oldrel-macos-arm64, r-oldrel-macos-x86_64