CRAN Package Check Results for Package sqldf

Last updated on 2024-02-29 22:58:59 CET.

Flavor Version Tinstall Tcheck Ttotal Status Flags
r-devel-linux-x86_64-debian-clang 0.4-11 7.21 55.79 63.00 NOTE
r-devel-linux-x86_64-debian-gcc 0.4-11 5.65 41.79 47.44 NOTE
r-devel-linux-x86_64-fedora-clang 0.4-11 77.99 NOTE
r-devel-linux-x86_64-fedora-gcc 0.4-11 75.05 NOTE
r-devel-windows-x86_64 0.4-11 6.00 58.00 64.00 OK
r-patched-linux-x86_64 0.4-11 6.82 51.46 58.28 OK
r-release-linux-x86_64 0.4-11 7.06 51.48 58.54 OK
r-release-macos-arm64 0.4-11 25.00 OK
r-release-macos-x86_64 0.4-11 46.00 OK
r-release-windows-x86_64 0.4-11 7.00 66.00 73.00 OK
r-oldrel-macos-arm64 0.4-11 25.00 OK
r-oldrel-windows-x86_64 0.4-11 7.00 71.00 78.00 OK

Check Details

Version: 0.4-11
Check: Rd files
Result: NOTE checkRd: (-1) sqldf.Rd:248: Lost braces 248 | and code{port} arguments of sqldf. | ^ Flavors: r-devel-linux-x86_64-debian-clang, r-devel-linux-x86_64-debian-gcc, r-devel-linux-x86_64-fedora-clang, r-devel-linux-x86_64-fedora-gcc