CRAN Package Check Results for Package ss3sim

Last updated on 2021-06-22 22:56:52 CEST.

Flavor Version Tinstall Tcheck Ttotal Status Flags
r-devel-linux-x86_64-debian-clang 1.0.3 17.61 165.07 182.68 OK
r-devel-linux-x86_64-debian-gcc 1.0.3 13.86 121.16 135.02 OK
r-devel-linux-x86_64-fedora-clang 1.0.3 225.12 NOTE
r-devel-linux-x86_64-fedora-gcc 1.0.3 215.29 OK
r-devel-windows-x86_64 1.0.3 27.00 198.00 225.00 OK
r-devel-windows-x86_64-gcc10-UCRT 1.0.3 ERROR
r-patched-linux-x86_64 1.0.3 17.52 153.79 171.31 OK
r-patched-solaris-x86 1.0.3 285.30 OK
r-release-linux-x86_64 1.0.3 18.05 154.41 172.46 OK
r-release-macos-arm64 1.0.3 OK
r-release-macos-x86_64 1.0.3 OK
r-release-windows-ix86+x86_64 1.0.3 28.00 202.00 230.00 OK
r-oldrel-macos-x86_64 1.0.3 OK

Check Details

Version: 1.0.3
Check: Rd cross-references
Result: NOTE
    Undeclared package ‘plyr’ in Rd xrefs
Flavor: r-devel-linux-x86_64-fedora-clang

Version: 1.0.3
Check: package dependencies
Result: ERROR
    Package required but not available: 'r4ss'
    
    See section 'The DESCRIPTION file' in the 'Writing R Extensions'
    manual.
Flavor: r-devel-windows-x86_64-gcc10-UCRT