CRAN Package Check Results for Package ss3sim

Last updated on 2021-09-25 22:54:21 CEST.

Flavor Version Tinstall Tcheck Ttotal Status Flags
r-devel-linux-x86_64-debian-clang 1.0.3 17.73 164.24 181.97 OK
r-devel-linux-x86_64-debian-gcc 1.0.3 15.30 123.23 138.53 OK
r-devel-linux-x86_64-fedora-clang 1.0.3 220.28 NOTE
r-devel-linux-x86_64-fedora-gcc 1.0.3 217.25 OK
r-devel-windows-x86_64 1.0.3 20.00 149.00 169.00 OK
r-devel-windows-x86_64-gcc10-UCRT 1.0.3 OK
r-patched-linux-x86_64 1.0.3 18.13 154.83 172.96 OK
r-patched-solaris-x86 1.0.3 267.40 OK
r-release-linux-x86_64 1.0.3 16.98 155.26 172.24 OK
r-release-macos-arm64 1.0.3 OK
r-release-macos-x86_64 1.0.3 OK
r-release-windows-ix86+x86_64 1.0.3 38.00 150.00 188.00 OK
r-oldrel-macos-x86_64 1.0.3 OK
r-oldrel-windows-ix86+x86_64 1.0.3 25.00 149.00 174.00 OK

Check Details

Version: 1.0.3
Check: Rd cross-references
Result: NOTE
    Undeclared package ‘plyr’ in Rd xrefs
Flavor: r-devel-linux-x86_64-fedora-clang