Last updated on 2023-12-09 21:54:32 CET.
Flavor | Version | Tinstall | Tcheck | Ttotal | Status | Flags |
---|---|---|---|---|---|---|
r-devel-linux-x86_64-debian-clang | 0.1.1 | 13.60 | 132.76 | 146.36 | NOTE | |
r-devel-linux-x86_64-debian-gcc | 0.1.1 | 11.69 | 97.82 | 109.51 | NOTE | |
r-devel-linux-x86_64-fedora-clang | 0.1.1 | 182.05 | OK | |||
r-devel-linux-x86_64-fedora-gcc | 0.1.1 | 171.60 | OK | |||
r-devel-windows-x86_64 | 0.1.1 | 15.00 | 107.00 | 122.00 | OK | |
r-patched-linux-x86_64 | 0.1.1 | 14.86 | 126.04 | 140.90 | OK | |
r-release-linux-x86_64 | 0.1.1 | 11.75 | 123.19 | 134.94 | OK | |
r-release-macos-arm64 | 0.1.1 | 55.00 | OK | |||
r-release-macos-x86_64 | 0.1.1 | 87.00 | OK | |||
r-release-windows-x86_64 | 0.1.1 | 19.00 | 131.00 | 150.00 | OK | |
r-oldrel-macos-arm64 | 0.1.1 | 51.00 | OK | |||
r-oldrel-macos-x86_64 | 0.1.1 | 70.00 | OK | |||
r-oldrel-windows-x86_64 | 0.1.1 | 18.00 | 139.00 | 157.00 | OK |
Version: 0.1.1
Check: Rd files
Result: NOTE
checkRd: (-1) ssaBSS-package.Rd:22: Lost braces in \itemize; meant \describe ?
checkRd: (-1) ssaBSS-package.Rd:23: Lost braces in \itemize; meant \describe ?
checkRd: (-1) ssaBSS-package.Rd:24: Lost braces in \itemize; meant \describe ?
checkRd: (-1) ssaBSS-package.Rd:25: Lost braces in \itemize; meant \describe ?
checkRd: (-1) ssaBSS-package.Rd:26: Lost braces in \itemize; meant \describe ?
Flavors: r-devel-linux-x86_64-debian-clang, r-devel-linux-x86_64-debian-gcc