Last updated on 2023-09-30 22:59:20 CEST.
Flavor | Version | Tinstall | Tcheck | Ttotal | Status | Flags |
---|---|---|---|---|---|---|
r-devel-linux-x86_64-debian-clang | 0.9.0 | 4.56 | 28.60 | 33.16 | OK | |
r-devel-linux-x86_64-debian-gcc | 0.9.0 | 3.95 | 22.99 | 26.94 | OK | |
r-devel-linux-x86_64-fedora-clang | 0.9.0 | 45.40 | OK | |||
r-devel-linux-x86_64-fedora-gcc | 0.9.0 | 60.29 | OK | |||
r-devel-windows-x86_64 | 0.9.0 | 19.00 | 88.00 | 107.00 | NOTE | |
r-patched-linux-x86_64 | 0.9.0 | 5.91 | 27.50 | 33.41 | OK | |
r-release-linux-x86_64 | 0.9.0 | 5.62 | 27.67 | 33.29 | OK | |
r-release-macos-arm64 | 0.9.0 | 29.00 | OK | |||
r-release-macos-x86_64 | 0.9.0 | 60.00 | OK | |||
r-release-windows-x86_64 | 0.9.0 | 24.00 | 99.00 | 123.00 | NOTE | |
r-oldrel-macos-arm64 | 0.9.0 | 25.00 | OK | |||
r-oldrel-macos-x86_64 | 0.9.0 | 37.00 | OK | |||
r-oldrel-windows-x86_64 | 0.9.0 | 21.00 | 90.00 | 111.00 | NOTE |
Version: 0.9.0
Check: installed package size
Result: NOTE
installed size is 5.5Mb
sub-directories of 1Mb or more:
libs 4.6Mb
Flavors: r-devel-windows-x86_64, r-release-windows-x86_64, r-oldrel-windows-x86_64