CRAN Package Check Results for Package ssr

Last updated on 2021-05-06 22:55:37 CEST.

Flavor Version Tinstall Tcheck Ttotal Status Flags
r-devel-linux-x86_64-debian-clang 0.1.1 2.60 83.63 86.23 OK
r-devel-linux-x86_64-debian-gcc 0.1.1 2.15 59.88 62.03 OK
r-devel-linux-x86_64-fedora-clang 0.1.1 109.35 NOTE
r-devel-linux-x86_64-fedora-gcc 0.1.1 99.74 NOTE
r-devel-windows-ix86+x86_64 0.1.1 8.00 5.00 13.00 ERROR
r-devel-windows-x86_64-gcc10-UCRT 0.1.1 NOTE
r-patched-linux-x86_64 0.1.1 2.85 81.10 83.95 OK
r-patched-solaris-x86 0.1.1 132.50 NOTE
r-release-linux-x86_64 0.1.1 2.87 79.90 82.77 OK
r-release-macos-x86_64 0.1.1 NOTE
r-release-windows-ix86+x86_64 0.1.1 6.00 80.00 86.00 OK
r-oldrel-macos-x86_64 0.1.1 NOTE
r-oldrel-windows-ix86+x86_64 0.1.1 5.00 98.00 103.00 OK

Check Details

Version: 0.1.1
Check: dependencies in R code
Result: NOTE
    Namespace in Imports field not imported from: ‘e1071’
     All declared Imports should be used.
Flavors: r-devel-linux-x86_64-fedora-clang, r-devel-linux-x86_64-fedora-gcc, r-devel-windows-x86_64-gcc10-UCRT, r-patched-solaris-x86, r-release-macos-x86_64, r-oldrel-macos-x86_64

Version: 0.1.1
Check: whether package can be installed
Result: ERROR
    Installation failed.
    See * DONE
Flavor: r-devel-windows-ix86+x86_64