Last updated on 2024-04-18 22:53:01 CEST.
Flavor | Version | Tinstall | Tcheck | Ttotal | Status | Flags |
---|---|---|---|---|---|---|
r-devel-linux-x86_64-debian-clang | 0.1.0 | 3.46 | 34.90 | 38.36 | OK | |
r-devel-linux-x86_64-debian-gcc | 0.1.0 | 2.30 | 26.28 | 28.58 | OK | |
r-devel-linux-x86_64-fedora-clang | 0.1.0 | 47.13 | OK | |||
r-devel-linux-x86_64-fedora-gcc | 0.1.0 | 44.56 | OK | |||
r-prerel-macos-arm64 | 0.1.0 | 20.00 | OK | |||
r-prerel-windows-x86_64 | 0.1.0 | 5.00 | 48.00 | 53.00 | OK | |
r-patched-linux-x86_64 | 0.1.0 | 2.56 | 32.08 | 34.64 | OK | |
r-release-linux-x86_64 | 0.1.0 | 1.81 | 33.35 | 35.16 | OK | |
r-release-macos-arm64 | 0.1.0 | 21.00 | OK | |||
r-release-macos-x86_64 | 0.1.0 | 28.00 | OK | |||
r-release-windows-x86_64 | 0.1.0 | 5.00 | 53.00 | 58.00 | OK | |
r-oldrel-macos-arm64 | 0.1.0 | 19.00 | NOTE | |||
r-oldrel-windows-x86_64 | 0.1.0 | 5.00 | 58.00 | 63.00 | OK |
Version: 0.1.0
Check: package dependencies
Result: NOTE
Package suggested but not available for checking: ‘scanstatistics’
Flavor: r-oldrel-macos-arm64