Last updated on 2023-12-04 22:57:56 CET.
Flavor | Version | Tinstall | Tcheck | Ttotal | Status | Flags |
---|---|---|---|---|---|---|
r-devel-linux-x86_64-debian-clang | 0.2.1 | 1.84 | 34.28 | 36.12 | NOTE | |
r-devel-linux-x86_64-debian-gcc | 0.2.1 | 1.76 | 26.76 | 28.52 | NOTE | |
r-devel-linux-x86_64-fedora-clang | 0.2.1 | 47.82 | NOTE | |||
r-devel-linux-x86_64-fedora-gcc | 0.2.1 | 56.59 | NOTE | |||
r-devel-windows-x86_64 | 0.2.1 | 4.00 | 50.00 | 54.00 | NOTE | |
r-patched-linux-x86_64 | 0.2.1 | 2.98 | 34.49 | 37.47 | OK | |
r-release-linux-x86_64 | 0.2.1 | 2.41 | 33.78 | 36.19 | OK | |
r-release-macos-arm64 | 0.2.1 | 27.00 | OK | |||
r-release-macos-x86_64 | 0.2.1 | 37.00 | OK | |||
r-release-windows-x86_64 | 0.2.1 | 3.00 | 53.00 | 56.00 | OK | |
r-oldrel-macos-arm64 | 0.2.1 | 19.00 | OK | |||
r-oldrel-macos-x86_64 | 0.2.1 | 29.00 | OK | |||
r-oldrel-windows-x86_64 | 0.2.1 | 5.00 | 56.00 | 61.00 | OK |
Version: 0.2.1
Check: Rd \usage sections
Result: NOTE
Documented arguments not in \usage in Rd file 'namesMultiple.Rd':
‘x’
Functions with \usage entries need to have the appropriate \alias
entries, and all their arguments documented.
The \usage entries must correspond to syntactically valid R code.
See chapter ‘Writing R documentation files’ in the ‘Writing R
Extensions’ manual.
Flavors: r-devel-linux-x86_64-debian-clang, r-devel-linux-x86_64-debian-gcc, r-devel-linux-x86_64-fedora-clang, r-devel-linux-x86_64-fedora-gcc, r-devel-windows-x86_64