CRAN Package Check Results for Package sta

Last updated on 2021-10-21 22:50:52 CEST.

Flavor Version Tinstall Tcheck Ttotal Status Flags
r-devel-linux-x86_64-debian-clang 0.1.5 26.19 251.42 277.61 OK
r-devel-linux-x86_64-debian-gcc 0.1.5 23.98 184.15 208.13 OK
r-devel-linux-x86_64-fedora-clang 0.1.5 335.70 NOTE
r-devel-linux-x86_64-fedora-gcc 0.1.5 321.09 NOTE
r-devel-windows-x86_64 0.1.5 43.00 223.00 266.00 WARN
r-devel-windows-x86_64-gcc10-UCRT 0.1.5 WARN
r-patched-linux-x86_64 0.1.5 26.62 239.82 266.44 OK
r-patched-solaris-x86 0.1.5 413.40 NOTE
r-release-linux-x86_64 0.1.5 27.25 237.59 264.84 OK
r-release-macos-arm64 0.1.5 NOTE
r-release-macos-x86_64 0.1.5 NOTE
r-release-windows-ix86+x86_64 0.1.5 69.00 271.00 340.00 OK
r-oldrel-macos-x86_64 0.1.5 NOTE
r-oldrel-windows-ix86+x86_64 0.1.5 33.00 151.00 184.00 OK

Check Details

Version: 0.1.5
Check: dependencies in R code
Result: NOTE
    Namespaces in Imports field not imported from:
     ‘iterators’ ‘methods’ ‘rgdal’
     All declared Imports should be used.
Flavors: r-devel-linux-x86_64-fedora-clang, r-devel-linux-x86_64-fedora-gcc, r-devel-windows-x86_64-gcc10-UCRT, r-patched-solaris-x86, r-release-macos-arm64, r-release-macos-x86_64, r-oldrel-macos-x86_64

Version: 0.1.5
Check: whether package can be installed
Result: WARN
    Found the following significant warnings:
     Warning: 'memory.limit()' is no longer supported
Flavors: r-devel-windows-x86_64, r-devel-windows-x86_64-gcc10-UCRT