CRAN Package Check Results for Package staRdom

Last updated on 2021-10-23 22:58:04 CEST.

Flavor Version Tinstall Tcheck Ttotal Status Flags
r-devel-linux-x86_64-debian-clang 1.1.23 16.84 256.41 273.25 OK
r-devel-linux-x86_64-debian-gcc 1.1.23 14.90 190.73 205.63 OK
r-devel-linux-x86_64-fedora-clang 1.1.23 331.09 OK
r-devel-linux-x86_64-fedora-gcc 1.1.23 315.99 OK
r-devel-windows-x86_64 1.1.23 30.00 280.00 310.00 OK
r-devel-windows-x86_64-gcc10-UCRT 1.1.23 OK
r-patched-linux-x86_64 1.1.23 23.55 242.07 265.62 OK
r-patched-solaris-x86 1.1.23 350.10 NOTE
r-release-linux-x86_64 1.1.23 18.27 239.96 258.23 OK
r-release-macos-arm64 1.1.21 OK
r-release-macos-x86_64 1.1.23 OK
r-release-windows-ix86+x86_64 1.1.23 28.00 385.00 413.00 OK
r-oldrel-macos-x86_64 1.1.23 OK
r-oldrel-windows-ix86+x86_64 1.1.23 30.00 276.00 306.00 OK

Check Details

Version: 1.1.23
Check: installed package size
Result: NOTE
     installed size is 5.2Mb
     sub-directories of 1Mb or more:
     data 1.0Mb
     doc 3.0Mb
Flavor: r-patched-solaris-x86