CRAN Package Check Results for Package stablelearner

Last updated on 2021-08-01 22:50:05 CEST.

Flavor Version Tinstall Tcheck Ttotal Status Flags
r-devel-linux-x86_64-debian-clang 0.1-3 11.02 147.48 158.50 OK
r-devel-linux-x86_64-debian-gcc 0.1-3 8.73 108.70 117.43 OK
r-devel-linux-x86_64-fedora-clang 0.1-3 189.58 NOTE
r-devel-linux-x86_64-fedora-gcc 0.1-3 182.83 NOTE
r-devel-windows-x86_64 0.1-3 11.00 176.00 187.00 OK
r-devel-windows-x86_64-gcc10-UCRT 0.1-3 NOTE
r-patched-linux-x86_64 0.1-3 OK
r-patched-solaris-x86 0.1-3 245.00 NOTE
r-release-linux-x86_64 0.1-3 10.47 137.03 147.50 OK
r-release-macos-arm64 0.1-3 NOTE
r-release-macos-x86_64 0.1-3 NOTE
r-release-windows-ix86+x86_64 0.1-3 25.00 173.00 198.00 OK
r-oldrel-macos-x86_64 0.1-3 NOTE
r-oldrel-windows-ix86+x86_64 0.1-3 25.00 175.00 200.00 OK

Check Details

Version: 0.1-3
Check: data for non-ASCII characters
Result: NOTE
     Note: found 123 marked UTF-8 strings
Flavors: r-devel-linux-x86_64-fedora-clang, r-devel-linux-x86_64-fedora-gcc, r-devel-windows-x86_64-gcc10-UCRT, r-patched-solaris-x86, r-release-macos-arm64, r-release-macos-x86_64, r-oldrel-macos-x86_64