CRAN Package Check Results for Package stablelearner

Last updated on 2021-05-16 22:50:09 CEST.

Flavor Version Tinstall Tcheck Ttotal Status Flags
r-devel-linux-x86_64-debian-clang 0.1-3 10.93 144.32 155.25 OK
r-devel-linux-x86_64-debian-gcc 0.1-3 8.59 107.91 116.50 OK
r-devel-linux-x86_64-fedora-clang 0.1-3 193.31 NOTE
r-devel-linux-x86_64-fedora-gcc 0.1-3 180.37 NOTE
r-devel-windows-ix86+x86_64 0.1-3 26.00 128.00 154.00 OK
r-devel-windows-x86_64-gcc10-UCRT 0.1-3 NOTE
r-patched-linux-x86_64 0.1-3 17.06 139.01 156.07 OK
r-patched-solaris-x86 0.1-3 246.70 NOTE
r-release-linux-x86_64 0.1-3 9.30 134.85 144.15 OK
r-release-macos-x86_64 0.1-3 NOTE
r-release-windows-ix86+x86_64 0.1-3 20.00 131.00 151.00 OK
r-oldrel-macos-x86_64 0.1-3 WARN
r-oldrel-windows-ix86+x86_64 0.1-3 15.00 167.00 182.00 OK

Check Details

Version: 0.1-3
Check: data for non-ASCII characters
Result: NOTE
     Note: found 123 marked UTF-8 strings
Flavors: r-devel-linux-x86_64-fedora-clang, r-devel-linux-x86_64-fedora-gcc, r-devel-windows-x86_64-gcc10-UCRT, r-patched-solaris-x86, r-release-macos-x86_64, r-oldrel-macos-x86_64

Version: 0.1-3
Check: re-building of vignette outputs
Result: WARN
    Error(s) in re-building vignettes:
     ...
    --- re-building ‘forests.Rmd’ using rmarkdown
    Warning in engine$weave(file, quiet = quiet, encoding = enc) :
     Pandoc (>= 1.12.3) and/or pandoc-citeproc not available. Falling back to R Markdown v1.
    Quitting from lines 124-128 (forests.Rmd)
    Error: processing vignette 'forests.Rmd' failed with diagnostics:
    object 'credit_risk' not found
    --- failed re-building ‘forests.Rmd’
    
    SUMMARY: processing the following file failed:
     ‘forests.Rmd’
    
    Error: Vignette re-building failed.
    Execution halted
Flavor: r-oldrel-macos-x86_64