Last updated on 2023-10-01 23:03:59 CEST.
Flavor | Version | Tinstall | Tcheck | Ttotal | Status | Flags |
---|---|---|---|---|---|---|
r-devel-linux-x86_64-debian-clang | 0.6-4 | 3.64 | 83.41 | 87.05 | NOTE | |
r-devel-linux-x86_64-debian-gcc | 0.6-4 | 2.60 | 63.83 | 66.43 | NOTE | |
r-devel-linux-x86_64-fedora-clang | 0.6-4 | 113.77 | NOTE | |||
r-devel-linux-x86_64-fedora-gcc | 0.6-4 | 112.90 | NOTE | |||
r-devel-windows-x86_64 | 0.6-4 | 5.00 | 62.00 | 67.00 | NOTE | |
r-patched-linux-x86_64 | 0.6-4 | 3.27 | 77.39 | 80.66 | NOTE | |
r-release-linux-x86_64 | 0.6-4 | 3.32 | 80.57 | 83.89 | NOTE | |
r-release-macos-arm64 | 0.6-4 | 36.00 | NOTE | |||
r-release-macos-x86_64 | 0.6-4 | 50.00 | NOTE | |||
r-release-windows-x86_64 | 0.6-4 | 5.00 | 63.00 | 68.00 | NOTE | |
r-oldrel-macos-arm64 | 0.6-4 | 29.00 | NOTE | |||
r-oldrel-macos-x86_64 | 0.6-4 | 53.00 | NOTE | |||
r-oldrel-windows-x86_64 | 0.6-4 | 5.00 | 68.00 | 73.00 | NOTE |
Version: 0.6-4
Check: LazyData
Result: NOTE
'LazyData' is specified without a 'data' directory
Flavors: r-devel-linux-x86_64-debian-clang, r-devel-linux-x86_64-debian-gcc, r-devel-linux-x86_64-fedora-clang, r-devel-linux-x86_64-fedora-gcc, r-devel-windows-x86_64, r-patched-linux-x86_64, r-release-linux-x86_64, r-release-macos-arm64, r-release-macos-x86_64, r-release-windows-x86_64, r-oldrel-macos-arm64, r-oldrel-macos-x86_64, r-oldrel-windows-x86_64
Version: 0.6-4
Check: package dependencies
Result: NOTE
Package suggested but not available for checking: ‘gamboostLSS’
Flavor: r-oldrel-macos-x86_64