Last updated on 2024-03-28 23:01:59 CET.
Flavor | Version | Tinstall | Tcheck | Ttotal | Status | Flags |
---|---|---|---|---|---|---|
r-devel-linux-x86_64-debian-clang | 0.6-4 | 2.51 | 79.88 | 82.39 | NOTE | |
r-devel-linux-x86_64-debian-gcc | 0.6-4 | 2.42 | 63.48 | 65.90 | NOTE | |
r-devel-linux-x86_64-fedora-clang | 0.6-4 | 110.26 | NOTE | |||
r-devel-linux-x86_64-fedora-gcc | 0.6-4 | 107.74 | NOTE | |||
r-devel-windows-x86_64 | 0.6-4 | 5.00 | 60.00 | 65.00 | NOTE | |
r-patched-linux-x86_64 | 0.6-4 | 4.00 | 77.12 | 81.12 | NOTE | |
r-release-linux-x86_64 | 0.6-4 | 3.03 | 75.26 | 78.29 | NOTE | |
r-release-macos-arm64 | 0.6-4 | 36.00 | NOTE | |||
r-release-macos-x86_64 | 0.6-4 | 50.00 | NOTE | |||
r-release-windows-x86_64 | 0.6-4 | 4.00 | 121.00 | 125.00 | NOTE | |
r-oldrel-macos-arm64 | 0.6-4 | 29.00 | NOTE | |||
r-oldrel-windows-x86_64 | 0.6-4 | 6.00 | 67.00 | 73.00 | NOTE |
Version: 0.6-4
Check: Rd files
Result: NOTE
checkRd: (-1) stabsel_parameters.Rd:42: Lost braces
42 | always use code{"none"}.}
| ^
checkRd: (-1) stabsel_stabsel.Rd:25: Lost braces
25 | always use code{"none"}.}
| ^
Flavors: r-devel-linux-x86_64-debian-clang, r-devel-linux-x86_64-debian-gcc, r-devel-linux-x86_64-fedora-clang, r-devel-linux-x86_64-fedora-gcc, r-devel-windows-x86_64, r-patched-linux-x86_64
Version: 0.6-4
Check: LazyData
Result: NOTE
'LazyData' is specified without a 'data' directory
Flavors: r-devel-linux-x86_64-debian-clang, r-devel-linux-x86_64-debian-gcc, r-devel-linux-x86_64-fedora-clang, r-devel-linux-x86_64-fedora-gcc, r-devel-windows-x86_64, r-patched-linux-x86_64, r-release-linux-x86_64, r-release-macos-arm64, r-release-macos-x86_64, r-release-windows-x86_64, r-oldrel-macos-arm64, r-oldrel-windows-x86_64