Last updated on 2023-09-20 21:53:03 CEST.
Flavor | Version | Tinstall | Tcheck | Ttotal | Status | Flags |
---|---|---|---|---|---|---|
r-devel-linux-x86_64-debian-clang | 1.0.2 | 14.49 | 400.92 | 415.41 | NOTE | |
r-devel-linux-x86_64-debian-gcc | 1.0.2 | 11.00 | 289.47 | 300.47 | NOTE | |
r-devel-linux-x86_64-fedora-clang | 1.0.2 | 452.06 | NOTE | |||
r-devel-linux-x86_64-fedora-gcc | 1.0.2 | 514.82 | NOTE | |||
r-devel-windows-x86_64 | 1.0.2 | 13.00 | 305.00 | 318.00 | NOTE | |
r-patched-linux-x86_64 | 1.0.2 | 13.00 | 372.94 | 385.94 | OK | |
r-release-linux-x86_64 | 1.0.2 | 9.53 | 385.85 | 395.38 | OK | |
r-release-macos-arm64 | 1.0.2 | 169.00 | OK | |||
r-release-macos-x86_64 | 1.0.2 | 314.00 | OK | |||
r-release-windows-x86_64 | 1.0.2 | 17.00 | 370.00 | 387.00 | OK | |
r-oldrel-macos-arm64 | 1.0.2 | 149.00 | OK | |||
r-oldrel-macos-x86_64 | 1.0.2 | 193.00 | OK | |||
r-oldrel-windows-x86_64 | 1.0.2 | 18.00 | 387.00 | 405.00 | OK |
Version: 1.0.2
Check: Rd \usage sections
Result: NOTE
Documented arguments not in \usage in documentation object 'stack_predict':
‘type’
Functions with \usage entries need to have the appropriate \alias
entries, and all their arguments documented.
The \usage entries must correspond to syntactically valid R code.
See chapter ‘Writing R documentation files’ in the ‘Writing R
Extensions’ manual.
Flavors: r-devel-linux-x86_64-debian-clang, r-devel-linux-x86_64-debian-gcc, r-devel-linux-x86_64-fedora-clang, r-devel-linux-x86_64-fedora-gcc, r-devel-windows-x86_64