CRAN Package Check Results for Package starm

Last updated on 2021-11-29 22:59:26 CET.

Flavor Version Tinstall Tcheck Ttotal Status Flags
r-devel-linux-x86_64-debian-clang 0.1.0 4.18 44.91 49.09 OK
r-devel-linux-x86_64-debian-gcc 0.1.0 3.46 35.50 38.96 OK
r-devel-linux-x86_64-fedora-clang 0.1.0 71.98 NOTE
r-devel-linux-x86_64-fedora-gcc 0.1.0 60.32 NOTE
r-devel-windows-x86_64-new-UL 0.1.0 9.00 107.00 116.00 OK
r-devel-windows-x86_64-new-TK 0.1.0 NOTE
r-devel-windows-x86_64-old 0.1.0 7.00 56.00 63.00 OK
r-patched-linux-x86_64 0.1.0 4.89 33.28 38.17 OK
r-patched-solaris-x86 0.1.0 68.50 NOTE
r-release-linux-x86_64 0.1.0 4.12 33.35 37.47 OK
r-release-macos-arm64 0.1.0 NOTE
r-release-macos-x86_64 0.1.0 NOTE
r-release-windows-ix86+x86_64 0.1.0 8.00 39.00 47.00 OK
r-oldrel-macos-x86_64 0.1.0 NOTE
r-oldrel-windows-ix86+x86_64 0.1.0 5.00 38.00 43.00 OK

Check Details

Version: 0.1.0
Check: dependencies in R code
Result: NOTE
    Namespace in Imports field not imported from: ‘Matrix’
     All declared Imports should be used.
Flavors: r-devel-linux-x86_64-fedora-clang, r-devel-linux-x86_64-fedora-gcc, r-devel-windows-x86_64-new-TK, r-patched-solaris-x86, r-release-macos-arm64, r-release-macos-x86_64, r-oldrel-macos-x86_64