Last updated on 2024-03-28 23:01:59 CET.
Flavor | Version | Tinstall | Tcheck | Ttotal | Status | Flags |
---|---|---|---|---|---|---|
r-devel-linux-x86_64-debian-clang | 1.3 | 56.18 | 65.95 | 122.13 | OK | |
r-devel-linux-x86_64-debian-gcc | 1.3 | 46.34 | 51.43 | 97.77 | OK | |
r-devel-linux-x86_64-fedora-clang | 1.3 | 168.37 | NOTE | |||
r-devel-linux-x86_64-fedora-gcc | 1.3 | 171.79 | NOTE | |||
r-devel-windows-x86_64 | 1.3 | 47.00 | 88.00 | 135.00 | OK | |
r-patched-linux-x86_64 | 1.3 | 57.43 | 66.75 | 124.18 | OK | |
r-release-linux-x86_64 | 1.3 | 56.97 | 64.66 | 121.63 | OK | |
r-release-macos-arm64 | 1.3 | 50.00 | OK | |||
r-release-macos-x86_64 | 1.3 | 81.00 | OK | |||
r-release-windows-x86_64 | 1.3 | 57.00 | 139.00 | 196.00 | OK | |
r-oldrel-macos-arm64 | 1.3 | 49.00 | OK | |||
r-oldrel-windows-x86_64 | 1.3 | 54.00 | 104.00 | 158.00 | OK |
Version: 1.3
Check: compiled code
Result: NOTE
File ‘starma/libs/starma.so’:
Found no calls to: ‘R_registerRoutines’, ‘R_useDynamicSymbols’
It is good practice to register native routines and to disable symbol
search.
See ‘Writing portable packages’ in the ‘Writing R Extensions’ manual.
Flavors: r-devel-linux-x86_64-fedora-clang, r-devel-linux-x86_64-fedora-gcc