CRAN Package Check Results for Package starma

Last updated on 2018-12-09 22:58:45 CET.

Flavor Version Tinstall Tcheck Ttotal Status Flags
r-devel-linux-x86_64-debian-clang 1.3 42.28 50.03 92.31 OK
r-devel-linux-x86_64-debian-gcc 1.3 37.60 38.64 76.24 OK
r-devel-linux-x86_64-fedora-clang 1.3 123.50 NOTE
r-devel-linux-x86_64-fedora-gcc 1.3 120.37 NOTE
r-devel-windows-ix86+x86_64 1.3 107.00 97.00 204.00 OK
r-patched-linux-x86_64 1.3 44.18 47.30 91.48 OK
r-patched-solaris-x86 1.3 134.40 OK
r-release-linux-x86_64 1.3 44.44 46.98 91.42 OK
r-release-windows-ix86+x86_64 1.3 74.00 95.00 169.00 OK
r-release-osx-x86_64 1.3 OK
r-oldrel-windows-ix86+x86_64 1.3 83.00 91.00 174.00 OK
r-oldrel-osx-x86_64 1.3 OK

Check Details

Version: 1.3
Check: compiled code
Result: NOTE
    File ‘starma/libs/starma.so’:
     Found no calls to: ‘R_registerRoutines’, ‘R_useDynamicSymbols’
    
    It is good practice to register native routines and to disable symbol
    search.
    
    See ‘Writing portable packages’ in the ‘Writing R Extensions’ manual.
Flavors: r-devel-linux-x86_64-fedora-clang, r-devel-linux-x86_64-fedora-gcc