CRAN Package Check Results for Package starma

Last updated on 2018-09-19 22:50:04 CEST.

Flavor Version Tinstall Tcheck Ttotal Status Flags
r-devel-linux-x86_64-debian-clang 1.3 38.04 51.94 89.98 NOTE
r-devel-linux-x86_64-debian-gcc 1.3 34.32 40.52 74.84 NOTE
r-devel-linux-x86_64-fedora-clang 1.3 130.69 NOTE
r-devel-linux-x86_64-fedora-gcc 1.3 118.72 NOTE
r-devel-windows-ix86+x86_64 1.3 78.00 102.00 180.00 OK
r-patched-linux-x86_64 1.3 47.63 46.20 93.83 NOTE
r-patched-solaris-x86 1.3 129.20 OK
r-release-linux-x86_64 1.3 42.14 47.07 89.21 NOTE
r-release-windows-ix86+x86_64 1.3 93.00 136.00 229.00 OK
r-release-osx-x86_64 1.3 OK
r-oldrel-windows-ix86+x86_64 1.3 78.00 96.00 174.00 OK
r-oldrel-osx-x86_64 1.3 OK

Check Details

Version: 1.3
Check: compiled code
Result: NOTE
    File ‘starma/libs/starma.so’:
     Found no calls to: ‘R_registerRoutines’, ‘R_useDynamicSymbols’
    
    It is good practice to register native routines and to disable symbol
    search.
    
    See ‘Writing portable packages’ in the ‘Writing R Extensions’ manual.
Flavors: r-devel-linux-x86_64-debian-clang, r-devel-linux-x86_64-debian-gcc, r-devel-linux-x86_64-fedora-clang, r-devel-linux-x86_64-fedora-gcc, r-patched-linux-x86_64, r-release-linux-x86_64