CRAN Package Check Results for Package starmie

Last updated on 2019-09-21 22:49:10 CEST.

Flavor Version Tinstall Tcheck Ttotal Status Flags
r-devel-linux-x86_64-debian-clang 0.1.2 11.43 159.09 170.52 OK
r-devel-linux-x86_64-debian-gcc 0.1.2 10.33 121.40 131.73 OK
r-devel-linux-x86_64-fedora-clang 0.1.2 210.42 NOTE
r-devel-linux-x86_64-fedora-gcc 0.1.2 198.58 NOTE
r-devel-windows-ix86+x86_64 0.1.2 44.00 164.00 208.00 NOTE
r-patched-linux-x86_64 0.1.2 11.43 152.37 163.80 OK
r-patched-solaris-x86 0.1.2 293.70 NOTE
r-release-linux-x86_64 0.1.2 12.00 152.91 164.91 OK
r-release-windows-ix86+x86_64 0.1.2 26.00 159.00 185.00 NOTE
r-release-osx-x86_64 0.1.2 NOTE
r-oldrel-windows-ix86+x86_64 0.1.2 19.00 173.00 192.00 NOTE
r-oldrel-osx-x86_64 0.1.2 NOTE

Check Details

Version: 0.1.2
Check: installed package size
Result: NOTE
     installed size is 7.0Mb
     sub-directories of 1Mb or more:
     doc 1.1Mb
     extdata 4.9Mb
Flavors: r-devel-linux-x86_64-fedora-clang, r-devel-windows-ix86+x86_64, r-patched-solaris-x86, r-release-windows-ix86+x86_64, r-release-osx-x86_64, r-oldrel-windows-ix86+x86_64, r-oldrel-osx-x86_64

Version: 0.1.2
Check: dependencies in R code
Result: NOTE
    Namespace in Imports field not imported from: ‘MCMCpack’
     All declared Imports should be used.
Flavors: r-devel-linux-x86_64-fedora-clang, r-devel-linux-x86_64-fedora-gcc, r-patched-solaris-x86, r-release-osx-x86_64, r-oldrel-osx-x86_64