CRAN Package Check Results for Package starmie

Last updated on 2020-02-22 22:48:02 CET.

Flavor Version Tinstall Tcheck Ttotal Status Flags
r-devel-linux-x86_64-debian-clang 0.1.2 12.51 179.20 191.71 OK
r-devel-linux-x86_64-debian-gcc 0.1.2 11.68 130.92 142.60 OK
r-devel-linux-x86_64-fedora-clang 0.1.2 230.71 NOTE
r-devel-linux-x86_64-fedora-gcc 0.1.2 216.18 NOTE
r-devel-windows-ix86+x86_64 0.1.2 33.00 174.00 207.00 NOTE
r-devel-windows-ix86+x86_64-gcc8 0.1.2 43.00 174.00 217.00 NOTE
r-patched-linux-x86_64 0.1.2 OK
r-patched-solaris-x86 0.1.2 291.60 NOTE
r-release-linux-x86_64 0.1.2 9.57 159.67 169.24 OK
r-release-windows-ix86+x86_64 0.1.2 22.00 181.00 203.00 NOTE
r-release-osx-x86_64 0.1.2 NOTE
r-oldrel-windows-ix86+x86_64 0.1.2 17.00 174.00 191.00 NOTE
r-oldrel-osx-x86_64 0.1.2 NOTE

Check Details

Version: 0.1.2
Check: installed package size
Result: NOTE
     installed size is 7.0Mb
     sub-directories of 1Mb or more:
     doc 1.1Mb
     extdata 4.9Mb
Flavors: r-devel-linux-x86_64-fedora-clang, r-devel-windows-ix86+x86_64, r-devel-windows-ix86+x86_64-gcc8, r-patched-solaris-x86, r-release-windows-ix86+x86_64, r-release-osx-x86_64, r-oldrel-windows-ix86+x86_64, r-oldrel-osx-x86_64

Version: 0.1.2
Check: dependencies in R code
Result: NOTE
    Namespace in Imports field not imported from: ‘MCMCpack’
     All declared Imports should be used.
Flavors: r-devel-linux-x86_64-fedora-clang, r-devel-linux-x86_64-fedora-gcc, r-patched-solaris-x86, r-release-osx-x86_64, r-oldrel-osx-x86_64