CRAN Package Check Results for Package starsExtra

Last updated on 2021-06-19 22:56:46 CEST.

Flavor Version Tinstall Tcheck Ttotal Status Flags
r-devel-linux-x86_64-debian-clang 0.2.5 8.06 143.03 151.09 OK
r-devel-linux-x86_64-debian-gcc 0.2.5 7.23 100.77 108.00 OK
r-devel-linux-x86_64-fedora-clang 0.2.5 96.83 OK
r-devel-linux-x86_64-fedora-gcc 0.2.5 92.82 OK
r-devel-windows-x86_64 0.2.5 17.00 167.00 184.00 OK
r-devel-windows-x86_64-gcc10-UCRT 0.2.5 ERROR
r-patched-linux-x86_64 0.2.5 9.31 133.51 142.82 OK
r-patched-solaris-x86 0.2.5 229.90 OK
r-release-linux-x86_64 0.2.5 7.82 132.48 140.30 OK
r-release-macos-arm64 0.2.5 OK
r-release-macos-x86_64 0.2.5 OK
r-release-windows-ix86+x86_64 0.2.4 28.00 250.00 278.00 OK
r-oldrel-macos-x86_64 0.2.5 OK
r-oldrel-windows-ix86+x86_64 0.2.5 22.00 190.00 212.00 OK

Check Details

Version: 0.2.5
Check: package dependencies
Result: ERROR
    Packages required but not available: 'sf', 'stars', 'nngeo'
    
    See section 'The DESCRIPTION file' in the 'Writing R Extensions'
    manual.
Flavor: r-devel-windows-x86_64-gcc10-UCRT