CRAN Package Check Results for Package startR

Last updated on 2021-07-31 22:53:51 CEST.

Flavor Version Tinstall Tcheck Ttotal Status Flags
r-devel-linux-x86_64-debian-clang 2.1.0 18.12 114.03 132.15 NOTE
r-devel-linux-x86_64-debian-gcc 2.1.0 13.83 83.95 97.78 NOTE
r-devel-linux-x86_64-fedora-clang 2.1.0 163.59 NOTE
r-devel-linux-x86_64-fedora-gcc 2.1.0 152.24 NOTE
r-devel-windows-x86_64 2.1.0 48.00 131.00 179.00 NOTE
r-devel-windows-x86_64-gcc10-UCRT 2.1.0 NOTE
r-patched-linux-x86_64 2.1.0 NOTE
r-patched-solaris-x86 2.1.0 206.90 NOTE
r-release-linux-x86_64 2.1.0 16.89 106.37 123.26 NOTE
r-release-macos-arm64 2.1.0 NOTE
r-release-macos-x86_64 2.1.0 NOTE
r-release-windows-ix86+x86_64 2.1.0 39.00 94.00 133.00 NOTE
r-oldrel-macos-x86_64 2.1.0 OK
r-oldrel-windows-ix86+x86_64 2.1.0 41.00 137.00 178.00 OK

Check Details

Version: 2.1.0
Check: LazyData
Result: NOTE
     'LazyData' is specified without a 'data' directory
Flavors: r-devel-linux-x86_64-debian-clang, r-devel-linux-x86_64-debian-gcc, r-devel-linux-x86_64-fedora-clang, r-devel-linux-x86_64-fedora-gcc, r-devel-windows-x86_64, r-devel-windows-x86_64-gcc10-UCRT, r-patched-linux-x86_64, r-patched-solaris-x86, r-release-linux-x86_64, r-release-macos-arm64, r-release-macos-x86_64, r-release-windows-ix86+x86_64