CRAN Package Check Results for Package starwarsdb

Last updated on 2021-11-28 22:51:29 CET.

Flavor Version Tinstall Tcheck Ttotal Status Flags
r-devel-linux-x86_64-debian-clang 0.1.2 OK
r-devel-linux-x86_64-debian-gcc 0.1.2 1.57 26.25 27.82 OK
r-devel-linux-x86_64-fedora-clang 0.1.2 53.02 NOTE
r-devel-linux-x86_64-fedora-gcc 0.1.2 50.46 NOTE
r-devel-windows-x86_64-new-UL 0.1.2 7.00 74.00 81.00 OK
r-devel-windows-x86_64-new-TK 0.1.2 NOTE
r-devel-windows-x86_64-old 0.1.2 5.00 43.00 48.00 OK
r-patched-linux-x86_64 0.1.2 2.13 30.91 33.04 OK
r-patched-solaris-x86 0.1.2 61.60 NOTE
r-release-linux-x86_64 0.1.2 2.28 30.88 33.16 OK
r-release-macos-arm64 0.1.2 NOTE
r-release-macos-x86_64 0.1.2 NOTE
r-release-windows-ix86+x86_64 0.1.2 6.00 53.00 59.00 OK
r-oldrel-macos-x86_64 0.1.2 NOTE
r-oldrel-windows-ix86+x86_64 0.1.2 5.00 58.00 63.00 OK

Check Details

Version: 0.1.2
Check: data for non-ASCII characters
Result: NOTE
     Note: found 14 marked UTF-8 strings
Flavors: r-devel-linux-x86_64-fedora-clang, r-devel-linux-x86_64-fedora-gcc, r-devel-windows-x86_64-new-TK, r-patched-solaris-x86, r-release-macos-arm64, r-release-macos-x86_64, r-oldrel-macos-x86_64