Last updated on 2024-04-25 22:49:23 CEST.
Flavor | Version | Tinstall | Tcheck | Ttotal | Status | Flags |
---|---|---|---|---|---|---|
r-devel-linux-x86_64-debian-clang | 1.2.1 | 18.99 | 286.18 | 305.17 | OK | |
r-devel-linux-x86_64-debian-gcc | 1.2.1 | 14.96 | 219.31 | 234.27 | OK | |
r-devel-linux-x86_64-fedora-clang | 1.2.1 | 384.68 | NOTE | |||
r-devel-linux-x86_64-fedora-gcc | 1.2.1 | 248.65 | NOTE | |||
r-devel-windows-x86_64 | 1.2.1 | 19.00 | 177.00 | 196.00 | OK | |
r-patched-linux-x86_64 | 1.2.1 | 30.50 | 274.07 | 304.57 | OK | |
r-release-linux-x86_64 | 1.2.1 | 19.97 | 282.32 | 302.29 | OK | |
r-release-macos-arm64 | 1.2.1 | 86.00 | OK | |||
r-release-macos-x86_64 | 1.2.1 | 171.00 | OK | |||
r-release-windows-x86_64 | 1.2.1 | 18.00 | 177.00 | 195.00 | OK | |
r-oldrel-macos-arm64 | 1.2.1 | 92.00 | OK | |||
r-oldrel-macos-x86_64 | 1.2.1 | 122.00 | OK | |||
r-oldrel-windows-x86_64 | 1.2.1 | 25.00 | 224.00 | 249.00 | OK |
Version: 1.2.1
Check: package dependencies
Result: NOTE
Imports includes 23 non-default packages.
Importing from so many packages makes the package vulnerable to any of
them becoming unavailable. Move as many as possible to Suggests and
use conditionally.
Flavor: r-devel-linux-x86_64-fedora-clang
Version: 1.2.1
Check: dependencies in R code
Result: NOTE
Namespaces in Imports field not imported from:
‘gbm’ ‘ggfortify’ ‘tibble’ ‘tidyverse’
All declared Imports should be used.
Flavors: r-devel-linux-x86_64-fedora-clang, r-devel-linux-x86_64-fedora-gcc