CRAN Package Check Results for Package statVisual

Last updated on 2021-10-17 22:48:51 CEST.

Flavor Version Tinstall Tcheck Ttotal Status Flags
r-devel-linux-x86_64-debian-clang 1.2.1 17.19 221.04 238.23 OK
r-devel-linux-x86_64-debian-gcc 1.2.1 14.75 163.60 178.35 OK
r-devel-linux-x86_64-fedora-clang 1.2.1 283.56 NOTE
r-devel-linux-x86_64-fedora-gcc 1.2.1 266.61 NOTE
r-devel-windows-x86_64 1.2.1 30.00 209.00 239.00 OK
r-devel-windows-x86_64-gcc10-UCRT 1.2.1 NOTE
r-patched-linux-x86_64 1.2.1 23.89 203.15 227.04 OK
r-patched-solaris-x86 1.2.1 306.60 NOTE
r-release-linux-x86_64 1.2.1 16.47 202.59 219.06 OK
r-release-macos-arm64 1.2.1 ERROR
r-release-macos-x86_64 1.2.1 ERROR
r-release-windows-ix86+x86_64 1.2.1 44.00 246.00 290.00 OK
r-oldrel-macos-x86_64 1.2.1 ERROR
r-oldrel-windows-ix86+x86_64 1.2.1 46.00 251.00 297.00 OK

Check Details

Version: 1.2.1
Check: package dependencies
Result: NOTE
    Imports includes 23 non-default packages.
    Importing from so many packages makes the package vulnerable to any of
    them becoming unavailable. Move as many as possible to Suggests and
    use conditionally.
Flavor: r-devel-linux-x86_64-fedora-clang

Version: 1.2.1
Check: dependencies in R code
Result: NOTE
    Namespaces in Imports field not imported from:
     ‘gbm’ ‘ggfortify’ ‘tibble’ ‘tidyverse’
     All declared Imports should be used.
Flavors: r-devel-linux-x86_64-fedora-clang, r-devel-linux-x86_64-fedora-gcc, r-devel-windows-x86_64-gcc10-UCRT, r-patched-solaris-x86

Version: 1.2.1
Check: package dependencies
Result: ERROR
    Package required but not available: ‘pvca’
    
    See section ‘The DESCRIPTION file’ in the ‘Writing R Extensions’
    manual.
Flavors: r-release-macos-arm64, r-release-macos-x86_64, r-oldrel-macos-x86_64