Last updated on 2023-10-01 23:03:59 CEST.
Flavor | Version | Tinstall | Tcheck | Ttotal | Status | Flags |
---|---|---|---|---|---|---|
r-devel-linux-x86_64-debian-clang | 1.0.9 | 107.80 | 258.56 | 366.36 | NOTE | |
r-devel-linux-x86_64-debian-gcc | 1.0.9 | 82.05 | 173.84 | 255.89 | NOTE | |
r-devel-linux-x86_64-fedora-clang | 1.0.9 | 427.11 | NOTE | |||
r-devel-linux-x86_64-fedora-gcc | 1.0.9 | 464.91 | NOTE | |||
r-devel-windows-x86_64 | 1.0.9 | 87.00 | 220.00 | 307.00 | NOTE | |
r-patched-linux-x86_64 | 1.0.9 | 117.46 | 235.08 | 352.54 | NOTE | |
r-release-linux-x86_64 | 1.0.9 | 106.65 | 229.18 | 335.83 | NOTE | |
r-release-macos-arm64 | 1.0.9 | 139.00 | NOTE | |||
r-release-macos-x86_64 | 1.0.9 | 247.00 | NOTE | |||
r-release-windows-x86_64 | 1.0.9 | 110.00 | 258.00 | 368.00 | NOTE | |
r-oldrel-macos-arm64 | 1.0.9 | 227.00 | NOTE | |||
r-oldrel-macos-x86_64 | 1.0.9 | 410.00 | NOTE | |||
r-oldrel-windows-x86_64 | 1.0.9 | 107.00 | 251.00 | 358.00 | NOTE |
Version: 1.0.9
Check: C++ specification
Result: NOTE
Specified C++11: please drop specification unless essential
Flavors: r-devel-linux-x86_64-debian-clang, r-devel-linux-x86_64-debian-gcc, r-devel-linux-x86_64-fedora-clang, r-devel-linux-x86_64-fedora-gcc, r-devel-windows-x86_64, r-patched-linux-x86_64, r-release-linux-x86_64, r-release-macos-arm64, r-release-macos-x86_64, r-release-windows-x86_64
Version: 1.0.9
Check: installed package size
Result: NOTE
installed size is 5.1Mb
sub-directories of 1Mb or more:
data 2.7Mb
libs 1.4Mb
Flavors: r-devel-windows-x86_64, r-release-macos-arm64, r-release-macos-x86_64, r-release-windows-x86_64, r-oldrel-macos-arm64, r-oldrel-macos-x86_64, r-oldrel-windows-x86_64
Version: 1.0.9
Check: package dependencies
Result: NOTE
Package suggested but not available for checking: ‘snpStats’
Flavor: r-release-macos-arm64
Version: 1.0.9
Check: Rd cross-references
Result: NOTE
Package unavailable to check Rd xrefs: ‘snpStats’
Flavor: r-release-macos-arm64