Last updated on 2023-09-20 21:53:04 CEST.
Flavor | Version | Tinstall | Tcheck | Ttotal | Status | Flags |
---|---|---|---|---|---|---|
r-devel-linux-x86_64-debian-clang | 1.0.5 | 10.76 | 222.40 | 233.16 | NOTE | |
r-devel-linux-x86_64-debian-gcc | 1.0.5 | 7.79 | 160.37 | 168.16 | NOTE | |
r-devel-linux-x86_64-fedora-clang | 1.0.5 | 278.95 | NOTE | |||
r-devel-linux-x86_64-fedora-gcc | 1.0.5 | 286.80 | NOTE | |||
r-devel-windows-x86_64 | 1.0.5 | 10.00 | 192.00 | 202.00 | NOTE | |
r-patched-linux-x86_64 | 1.0.5 | 17.78 | 211.08 | 228.86 | NOTE | |
r-release-linux-x86_64 | 1.0.5 | 9.10 | 210.59 | 219.69 | NOTE | |
r-release-macos-arm64 | 1.0.5 | 95.00 | NOTE | |||
r-release-macos-x86_64 | 1.0.5 | 151.00 | NOTE | |||
r-release-windows-x86_64 | 1.0.5 | 13.00 | 226.00 | 239.00 | NOTE | |
r-oldrel-macos-arm64 | 1.0.5 | 82.00 | NOTE | |||
r-oldrel-macos-x86_64 | 1.0.5 | 105.00 | NOTE | |||
r-oldrel-windows-x86_64 | 1.0.5 | 15.00 | 222.00 | 237.00 | NOTE |
Version: 1.0.5
Check: package dependencies
Result: NOTE
Package suggested but not available for checking: ‘asreml’
Flavors: r-devel-linux-x86_64-debian-clang, r-devel-linux-x86_64-debian-gcc, r-devel-linux-x86_64-fedora-clang, r-devel-linux-x86_64-fedora-gcc, r-devel-windows-x86_64, r-patched-linux-x86_64, r-release-linux-x86_64, r-release-macos-arm64, r-release-macos-x86_64, r-release-windows-x86_64, r-oldrel-macos-arm64, r-oldrel-macos-x86_64, r-oldrel-windows-x86_64