Last updated on 2024-04-23 22:55:38 CEST.
Flavor | Version | Tinstall | Tcheck | Ttotal | Status | Flags |
---|---|---|---|---|---|---|
r-devel-linux-x86_64-debian-clang | 1.0.2 | 90.83 | 225.57 | 316.40 | OK | |
r-devel-linux-x86_64-debian-gcc | 1.0.2 | 78.30 | 192.17 | 270.47 | OK | |
r-devel-linux-x86_64-fedora-clang | 1.0.2 | 441.45 | OK | |||
r-devel-linux-x86_64-fedora-gcc | 1.0.2 | 474.40 | OK | |||
r-prerel-macos-arm64 | 1.0.2 | 166.00 | NOTE | |||
r-prerel-macos-x86_64 | 1.0.2 | 288.00 | NOTE | |||
r-prerel-windows-x86_64 | 1.0.2 | 78.00 | 243.00 | 321.00 | OK | |
r-patched-linux-x86_64 | 1.0.2 | 102.10 | 247.84 | 349.94 | OK | |
r-release-linux-x86_64 | 1.0.2 | 71.42 | 249.25 | 320.67 | OK | |
r-release-macos-arm64 | 1.0.2 | 164.00 | NOTE | |||
r-release-macos-x86_64 | 1.0.2 | 248.00 | NOTE | |||
r-release-windows-x86_64 | 1.0.2 | 96.00 | 266.00 | 362.00 | OK | |
r-oldrel-macos-arm64 | 1.0.2 | 158.00 | NOTE | |||
r-oldrel-windows-x86_64 | 1.0.2 | 93.00 | 260.00 | 353.00 | OK |
Version: 1.0.2
Check: installed package size
Result: NOTE
installed size is 7.4Mb
sub-directories of 1Mb or more:
libs 6.4Mb
Flavors: r-prerel-macos-arm64, r-prerel-macos-x86_64, r-release-macos-arm64, r-release-macos-x86_64, r-oldrel-macos-arm64