Last updated on 2023-06-06 23:10:07 CEST.
Flavor | Version | Tinstall | Tcheck | Ttotal | Status | Flags |
---|---|---|---|---|---|---|
r-devel-linux-x86_64-debian-clang | 1.5.0 | 7.08 | 45.87 | 52.95 | OK | |
r-devel-linux-x86_64-debian-gcc | 1.5.0 | 4.70 | 35.10 | 39.80 | OK | |
r-devel-linux-x86_64-fedora-clang | 1.5.0 | 73.21 | OK | |||
r-devel-linux-x86_64-fedora-gcc | 1.5.0 | 63.48 | OK | |||
r-devel-windows-x86_64 | 1.5.0 | 14.00 | 67.00 | 81.00 | OK | |
r-patched-linux-x86_64 | 1.5.0 | 7.99 | 43.77 | 51.76 | OK | |
r-release-linux-x86_64 | 1.5.0 | 6.69 | 44.00 | 50.69 | OK | |
r-release-macos-arm64 | 1.5.0 | 28.00 | OK | |||
r-release-macos-x86_64 | 1.5.0 | 41.00 | NOTE | |||
r-release-windows-x86_64 | 1.5.0 | 12.00 | 71.00 | 83.00 | OK | |
r-oldrel-macos-arm64 | 1.5.0 | 25.00 | OK | |||
r-oldrel-macos-x86_64 | 1.5.0 | 53.00 | OK | |||
r-oldrel-windows-x86_64 | 1.5.0 | 12.00 | 65.00 | 77.00 | OK |
Version: 1.5.0
Check: package dependencies
Result: NOTE
Package suggested but not available for checking: ‘tweedie’
Flavor: r-release-macos-x86_64
Version: 1.5.0
Check: Rd cross-references
Result: NOTE
Package unavailable to check Rd xrefs: ‘tweedie’
Flavor: r-release-macos-x86_64