CRAN Package Check Results for Package statnipokladna

Last updated on 2021-10-23 22:58:04 CEST.

Flavor Version Tinstall Tcheck Ttotal Status Flags
r-devel-linux-x86_64-debian-clang 0.7.0 5.21 46.19 51.40 OK
r-devel-linux-x86_64-debian-gcc 0.7.0 3.98 35.37 39.35 OK
r-devel-linux-x86_64-fedora-clang 0.7.0 76.20 NOTE
r-devel-linux-x86_64-fedora-gcc 0.7.0 59.77 NOTE
r-devel-windows-x86_64 0.7.0 8.00 84.00 92.00 OK
r-devel-windows-x86_64-gcc10-UCRT 0.7.0 NOTE
r-patched-linux-x86_64 0.7.0 4.66 45.21 49.87 OK
r-patched-solaris-x86 0.7.0 94.00 NOTE
r-release-linux-x86_64 0.7.0 4.69 45.33 50.02 OK
r-release-macos-arm64 0.7.0 NOTE
r-release-macos-x86_64 0.7.0 NOTE
r-release-windows-ix86+x86_64 0.7.0 8.00 65.00 73.00 OK
r-oldrel-macos-x86_64 0.7.0 NOTE
r-oldrel-windows-ix86+x86_64 0.7.0 12.00 70.00 82.00 OK

Check Details

Version: 0.7.0
Check: dependencies in R code
Result: NOTE
    Namespace in Imports field not imported from: ‘tidyselect’
     All declared Imports should be used.
Flavors: r-devel-linux-x86_64-fedora-clang, r-devel-linux-x86_64-fedora-gcc, r-devel-windows-x86_64-gcc10-UCRT, r-patched-solaris-x86, r-release-macos-arm64, r-release-macos-x86_64, r-oldrel-macos-x86_64

Version: 0.7.0
Check: data for non-ASCII characters
Result: NOTE
     Note: found 52 marked UTF-8 strings
Flavors: r-devel-linux-x86_64-fedora-clang, r-devel-linux-x86_64-fedora-gcc, r-devel-windows-x86_64-gcc10-UCRT, r-patched-solaris-x86, r-release-macos-arm64, r-release-macos-x86_64, r-oldrel-macos-x86_64