Last updated on 2024-04-16 22:55:40 CEST.
Flavor | Version | Tinstall | Tcheck | Ttotal | Status | Flags |
---|---|---|---|---|---|---|
r-devel-linux-x86_64-debian-clang | 0.3.2 | 8.94 | 108.31 | 117.25 | OK | |
r-devel-linux-x86_64-debian-gcc | 0.3.2 | 7.85 | 80.22 | 88.07 | OK | |
r-devel-linux-x86_64-fedora-clang | 0.3.2 | 149.54 | NOTE | |||
r-devel-linux-x86_64-fedora-gcc | 0.3.2 | 162.42 | NOTE | |||
r-prerel-macos-arm64 | 0.3.2 | 45.00 | OK | |||
r-prerel-windows-x86_64 | 0.3.2 | 10.00 | 92.00 | 102.00 | OK | |
r-patched-linux-x86_64 | 0.3.2 | 16.31 | 101.23 | 117.54 | OK | |
r-release-linux-x86_64 | 0.3.2 | 10.58 | 101.91 | 112.49 | OK | |
r-release-macos-arm64 | 0.3.2 | 63.00 | OK | |||
r-release-macos-x86_64 | 0.3.2 | 102.00 | OK | |||
r-release-windows-x86_64 | 0.3.2 | 14.00 | 111.00 | 125.00 | OK | |
r-oldrel-macos-arm64 | 0.3.2 | 53.00 | OK | |||
r-oldrel-windows-x86_64 | 0.3.2 | 15.00 | 115.00 | 130.00 | OK |
Version: 0.3.2
Check: Rd cross-references
Result: NOTE
Undeclared package ‘fortunes’ in Rd xrefs
Flavor: r-devel-linux-x86_64-fedora-clang
Version: 0.3.2
Check: data for non-ASCII characters
Result: NOTE
Note: found 1 marked UTF-8 string
Flavors: r-devel-linux-x86_64-fedora-clang, r-devel-linux-x86_64-fedora-gcc