Last updated on 2024-04-18 22:53:02 CEST.
Flavor | Version | Tinstall | Tcheck | Ttotal | Status | Flags |
---|---|---|---|---|---|---|
r-devel-linux-x86_64-debian-clang | 3.4.1 | 10.84 | 88.95 | 99.79 | NOTE | |
r-devel-linux-x86_64-debian-gcc | 3.4.1 | 9.34 | 66.44 | 75.78 | NOTE | |
r-devel-linux-x86_64-fedora-clang | 3.4.1 | 126.02 | NOTE | |||
r-devel-linux-x86_64-fedora-gcc | 3.4.1 | 116.86 | NOTE | |||
r-prerel-macos-arm64 | 3.4.1 | 38.00 | NOTE | |||
r-prerel-windows-x86_64 | 3.4.1 | 9.00 | 83.00 | 92.00 | NOTE | |
r-patched-linux-x86_64 | 3.4.1 | 10.34 | 82.47 | 92.81 | NOTE | |
r-release-linux-x86_64 | 3.4.1 | 11.09 | 85.86 | 96.95 | NOTE | |
r-release-macos-arm64 | 3.4.1 | 39.00 | NOTE | |||
r-release-macos-x86_64 | 3.4.1 | 63.00 | NOTE | |||
r-release-windows-x86_64 | 3.4.1 | 13.00 | 96.00 | 109.00 | NOTE | |
r-oldrel-macos-arm64 | 3.4.1 | 34.00 | OK | |||
r-oldrel-windows-x86_64 | 3.4.1 | 13.00 | 103.00 | 116.00 | OK |
Version: 3.4.1
Check: Rd files
Result: NOTE
checkRd: (-1) stdGlm.Rd:93: Escaped LaTeX specials: \&
Flavors: r-devel-linux-x86_64-debian-clang, r-devel-linux-x86_64-debian-gcc, r-devel-linux-x86_64-fedora-clang, r-devel-linux-x86_64-fedora-gcc, r-prerel-macos-arm64, r-prerel-windows-x86_64, r-patched-linux-x86_64, r-release-linux-x86_64, r-release-macos-arm64, r-release-macos-x86_64, r-release-windows-x86_64