CRAN Package Check Results for Package stepR

Last updated on 2021-08-04 22:55:36 CEST.

Flavor Version Tinstall Tcheck Ttotal Status Flags
r-devel-linux-x86_64-debian-clang 2.1-1 253.29 350.47 603.76 OK
r-devel-linux-x86_64-debian-gcc 2.1-1 152.45 247.89 400.34 OK
r-devel-linux-x86_64-fedora-clang 2.1-1 791.88 NOTE
r-devel-linux-x86_64-fedora-gcc 2.1-1 720.18 OK
r-devel-windows-x86_64 2.1-1 223.00 426.00 649.00 OK
r-devel-windows-x86_64-gcc10-UCRT 2.1-1 OK
r-patched-linux-x86_64 2.1-1 193.39 326.73 520.12 OK
r-patched-solaris-x86 2.1-1 808.90 OK
r-release-linux-x86_64 2.1-1 189.27 330.31 519.58 OK
r-release-macos-arm64 2.1-1 NOTE
r-release-macos-x86_64 2.1-1 NOTE
r-release-windows-ix86+x86_64 2.1-1 570.00 631.00 1201.00 OK
r-oldrel-macos-x86_64 2.1-1 NOTE
r-oldrel-windows-ix86+x86_64 2.1-1 407.00 707.00 1114.00 OK

Check Details

Version: 2.1-1
Check: installed package size
Result: NOTE
     installed size is 7.3Mb
     sub-directories of 1Mb or more:
     libs 6.2Mb
Flavors: r-devel-linux-x86_64-fedora-clang, r-release-macos-arm64, r-release-macos-x86_64, r-oldrel-macos-x86_64