CRAN Package Check Results for Package stepR

Last updated on 2021-10-19 22:54:12 CEST.

Flavor Version Tinstall Tcheck Ttotal Status Flags
r-devel-linux-x86_64-debian-clang 2.1-1 212.55 348.60 561.15 OK
r-devel-linux-x86_64-debian-gcc 2.1-1 154.66 246.60 401.26 OK
r-devel-linux-x86_64-fedora-clang 2.1-1 808.01 NOTE
r-devel-linux-x86_64-fedora-gcc 2.1-1 728.08 OK
r-devel-windows-x86_64 2.1-1 295.00 351.00 646.00 OK
r-devel-windows-x86_64-gcc10-UCRT 2.1-1 OK
r-patched-linux-x86_64 2.1-1 200.37 332.89 533.26 OK
r-patched-solaris-x86 2.1-1 740.70 OK
r-release-linux-x86_64 2.1-1 189.18 326.68 515.86 OK
r-release-macos-arm64 2.1-1 NOTE
r-release-macos-x86_64 2.1-1 NOTE
r-release-windows-ix86+x86_64 2.1-1 417.00 674.00 1091.00 OK
r-oldrel-macos-x86_64 2.1-1 NOTE
r-oldrel-windows-ix86+x86_64 2.1-1 586.00 679.00 1265.00 ERROR

Check Details

Version: 2.1-1
Check: installed package size
Result: NOTE
     installed size is 6.8Mb
     sub-directories of 1Mb or more:
     libs 5.7Mb
Flavors: r-devel-linux-x86_64-fedora-clang, r-release-macos-arm64, r-release-macos-x86_64, r-oldrel-macos-x86_64

Version: 2.1-1
Check: running tests for arch ‘i386’
Result: ERROR
     Running 'tests.R' [3s]
     Running 'testthat.R' [245s]
    Running the tests in 'tests/testthat.R' failed.
    Complete output:
     > library(testthat)
     > library(stepR)
     Successfully loaded stepR package version 2.1-1.
     Several new functions are added in version 2.0-0. Some older functions are deprecated (still working) and may be defunct in a later version. Please read the documentation for more details.
     >
     > test_check("stepR")
     == Skipped tests ===============================================================
     * On CRAN (9)
    
     == Failed tests ================================================================
     -- Failure (test-stepFit.R:771:3): argument q is computed correctly ------------
     length(list.files(file.path(R.cache::getCacheRootPath(), "testStepR"))) not identical to 1L.
     1/1 mismatches
     [1] 3 - 1 == 2
     -- Failure (test-stepFit.R:905:3): argument q is computed correctly ------------
     length(list.files(file.path(R.cache::getCacheRootPath(), "testStepR"))) not identical to 5L.
     1/1 mismatches
     [1] 1 - 5 == -4
     -- Failure (test-stepFit.R:906:3): argument q is computed correctly ------------
     R.cache::loadCache(attr(teststat1, "keyList"), dirs = "testStepR") not identical to `teststat1`.
     target is NULL, current is MCSimulationMaximum
     -- Failure (test-stepFit.R:907:3): argument q is computed correctly ------------
     R.cache::loadCache(attr(teststat2, "keyList"), dirs = "testStepR") not identical to `teststat2`.
     target is NULL, current is MCSimulationVector
     -- Failure (test-stepFit.R:908:3): argument q is computed correctly ------------
     R.cache::loadCache(attr(teststat4, "keyList"), dirs = "testStepR") not identical to `teststat4`.
     target is NULL, current is MCSimulationMaximum
     -- Failure (test-stepFit.R:909:3): argument q is computed correctly ------------
     R.cache::loadCache(attr(teststat5, "keyList"), dirs = "testStepR") not identical to `teststat5`.
     target is NULL, current is MCSimulationMaximum
    
     [ FAIL 6 | WARN 0 | SKIP 9 | PASS 24048 ]
     Error: Test failures
     Execution halted
Flavor: r-oldrel-windows-ix86+x86_64