CRAN Package Check Results for Package steps

Last updated on 2021-07-31 22:53:51 CEST.

Flavor Version Tinstall Tcheck Ttotal Status Flags
r-devel-linux-x86_64-debian-clang 1.2.1 38.21 360.22 398.43 OK --no-tests
r-devel-linux-x86_64-debian-gcc 1.2.1 24.51 280.49 305.00 OK --no-tests
r-devel-linux-x86_64-fedora-clang 1.2.1 579.96 OK
r-devel-linux-x86_64-fedora-gcc 1.2.1 540.23 OK
r-devel-windows-x86_64 1.2.1 34.00 564.00 598.00 OK
r-devel-windows-x86_64-gcc10-UCRT 1.2.1 OK --no-tests
r-patched-linux-x86_64 1.2.1 OK --no-tests
r-patched-solaris-x86 1.2.1 824.90 OK
r-release-linux-x86_64 1.2.1 27.55 349.15 376.70 OK --no-tests
r-release-macos-arm64 1.2.1 WARN
r-release-macos-x86_64 1.2.1 OK
r-release-windows-ix86+x86_64 1.2.1 83.00 660.00 743.00 OK
r-oldrel-macos-x86_64 1.2.1 OK
r-oldrel-windows-ix86+x86_64 1.2.1 60.00 784.00 844.00 OK

Check Details

Version: 1.2.1
Check: re-building of vignette outputs
Result: WARN
    Error(s) in re-building vignettes:
    --- re-building ‘custom_function_example.Rmd’ using rmarkdown
    Warning in engine$weave(file, quiet = quiet, encoding = enc) :
     Pandoc (>= 1.12.3) not available. Falling back to R Markdown v1.
    Loading required package: sp
    
    Attaching package: 'future'
    
    The following object is masked from 'package:raster':
    
     values
    
    Quitting from lines 93-99 (custom_function_example.Rmd)
    Error: processing vignette 'custom_function_example.Rmd' failed with diagnostics:
    polygon edge not found
    --- failed re-building ‘custom_function_example.Rmd’
    
    --- re-building ‘kangaroo_model_example.Rmd’ using rmarkdown
    Warning in engine$weave(file, quiet = quiet, encoding = enc) :
     Pandoc (>= 1.12.3) not available. Falling back to R Markdown v1.
    Loading required package: sp
    
    Attaching package: 'future'
    
    The following object is masked from 'package:raster':
    
     values
    
    Warning in doTryCatch(return(expr), name, parentenv, handler) :
     no font could be found for family "Arial"
    Warning in doTryCatch(return(expr), name, parentenv, handler) :
     no font could be found for family "Arial"
    Warning in doTryCatch(return(expr), name, parentenv, handler) :
     no font could be found for family "Arial"
    Warning in doTryCatch(return(expr), name, parentenv, handler) :
     no font could be found for family "Arial"
    Warning in doTryCatch(return(expr), name, parentenv, handler) :
     no font could be found for family "Arial"
    Quitting from lines 76-80 (kangaroo_model_example.Rmd)
    Error: processing vignette 'kangaroo_model_example.Rmd' failed with diagnostics:
    polygon edge not found
    --- failed re-building ‘kangaroo_model_example.Rmd’
    
    SUMMARY: processing the following files failed:
     ‘custom_function_example.Rmd’ ‘kangaroo_model_example.Rmd’
    
    Error: Vignette re-building failed.
    Execution halted
Flavor: r-release-macos-arm64