CRAN Package Check Results for Package sticky

Last updated on 2020-02-17 22:49:50 CET.

Flavor Version Tinstall Tcheck Ttotal Status Flags
r-devel-linux-x86_64-debian-clang 0.5.2 1.90 25.64 27.54 WARN
r-devel-linux-x86_64-debian-gcc 0.5.2 1.52 20.55 22.07 WARN
r-devel-linux-x86_64-fedora-clang 0.5.2 34.56 WARN
r-devel-linux-x86_64-fedora-gcc 0.5.2 33.40 WARN
r-devel-windows-ix86+x86_64 0.5.2 6.00 40.00 46.00 OK
r-devel-windows-ix86+x86_64-gcc8 0.5.2 7.00 43.00 50.00 OK
r-patched-linux-x86_64 0.5.2 1.56 23.55 25.11 WARN
r-patched-solaris-x86 0.5.2 50.60 WARN
r-release-linux-x86_64 0.5.2 1.38 23.95 25.33 OK
r-release-windows-ix86+x86_64 0.5.2 4.00 38.00 42.00 OK
r-release-osx-x86_64 0.5.2 OK
r-oldrel-windows-ix86+x86_64 0.5.2 3.00 37.00 40.00 OK
r-oldrel-osx-x86_64 0.5.2 OK

Check Details

Version: 0.5.2
Check: Rd \usage sections
Result: WARN
    Documented arguments not in \usage in documentation object 'sticky':
     '...'
    
    Functions with \usage entries need to have the appropriate \alias
    entries, and all their arguments documented.
    The \usage entries must correspond to syntactically valid R code.
    See chapter 'Writing R documentation files' in the 'Writing R
    Extensions' manual.
Flavors: r-devel-linux-x86_64-debian-clang, r-devel-linux-x86_64-debian-gcc, r-devel-linux-x86_64-fedora-clang, r-devel-linux-x86_64-fedora-gcc, r-patched-linux-x86_64, r-patched-solaris-x86