CRAN Package Check Results for Package sticky

Last updated on 2023-09-28 23:09:00 CEST.

Flavor Version Tinstall Tcheck Ttotal Status Flags
r-devel-linux-x86_64-debian-clang 0.5.6.1 1.63 29.16 30.79 NOTE
r-devel-linux-x86_64-debian-gcc 0.5.6.1 1.76 22.91 24.67 NOTE
r-devel-linux-x86_64-fedora-clang 0.5.6.1 39.98 NOTE
r-devel-linux-x86_64-fedora-gcc 0.5.6.1 50.23 NOTE
r-devel-windows-x86_64 0.5.6.1 5.00 46.00 51.00 NOTE
r-patched-linux-x86_64 0.5.6.1 2.31 28.08 30.39 NOTE
r-release-linux-x86_64 0.5.6.1 2.20 28.86 31.06 NOTE
r-release-macos-arm64 0.5.6.1 23.00 NOTE
r-release-macos-x86_64 0.5.6.1 34.00 NOTE
r-release-windows-x86_64 0.5.6.1 4.00 49.00 53.00 NOTE
r-oldrel-macos-arm64 0.5.6.1 21.00 NOTE
r-oldrel-macos-x86_64 0.5.6.1 27.00 NOTE
r-oldrel-windows-x86_64 0.5.6.1 4.00 50.00 54.00 NOTE

Check Details

Version: 0.5.6.1
Check: LazyData
Result: NOTE
     'LazyData' is specified without a 'data' directory
Flavors: r-devel-linux-x86_64-debian-clang, r-devel-linux-x86_64-debian-gcc, r-devel-linux-x86_64-fedora-clang, r-devel-linux-x86_64-fedora-gcc, r-devel-windows-x86_64, r-patched-linux-x86_64, r-release-linux-x86_64, r-release-macos-arm64, r-release-macos-x86_64, r-release-windows-x86_64, r-oldrel-macos-arm64, r-oldrel-macos-x86_64, r-oldrel-windows-x86_64