CRAN Package Check Results for Package stickyr

Last updated on 2024-06-13 22:49:46 CEST.

Flavor Version Tinstall Tcheck Ttotal Status Flags
r-devel-linux-x86_64-debian-clang 0.1.2 5.21 42.81 48.02 OK
r-devel-linux-x86_64-debian-gcc 0.1.2 0.35 1.56 1.91 ERROR
r-devel-linux-x86_64-fedora-clang 0.1.2 60.59 OK
r-devel-linux-x86_64-fedora-gcc 0.1.2 55.88 OK
r-devel-windows-x86_64 0.1.2 5.00 51.00 56.00 OK
r-patched-linux-x86_64 0.1.2 4.66 40.22 44.88 OK
r-release-linux-x86_64 0.1.2 4.11 40.71 44.82 OK
r-release-macos-arm64 0.1.2 21.00 OK
r-release-macos-x86_64 0.1.2 31.00 OK
r-release-windows-x86_64 0.1.2 5.00 52.00 57.00 OK
r-oldrel-macos-arm64 0.1.2 23.00 OK
r-oldrel-macos-x86_64 0.1.2 32.00 OK
r-oldrel-windows-x86_64 0.1.2 6.00 57.00 63.00 OK

Check Details

Version: 0.1.2
Check: package dependencies
Result: ERROR Packages required but not available: 'dplyr', 'pillar', 'purrr', 'tibble', 'tidyselect', 'vctrs' Package suggested but not available for checking: ‘testthat’ See section ‘The DESCRIPTION file’ in the ‘Writing R Extensions’ manual. Flavor: r-devel-linux-x86_64-debian-gcc