CRAN Package Check Results for Package stochvol

Last updated on 2021-07-27 22:54:04 CEST.

Flavor Version Tinstall Tcheck Ttotal Status Flags
r-devel-linux-x86_64-debian-clang 3.1.0 149.76 157.93 307.69 OK
r-devel-linux-x86_64-debian-gcc 3.1.0 97.21 120.23 217.44 OK
r-devel-linux-x86_64-fedora-clang 3.1.0 401.82 NOTE
r-devel-linux-x86_64-fedora-gcc 3.1.0 379.35 OK
r-devel-windows-x86_64 3.1.0 171.00 228.00 399.00 OK
r-devel-windows-x86_64-gcc10-UCRT 3.1.0 OK
r-patched-linux-x86_64 3.1.0 123.98 154.83 278.81 OK
r-patched-solaris-x86 3.1.0 378.30 OK
r-release-linux-x86_64 3.1.0 106.72 153.38 260.10 OK
r-release-macos-arm64 3.1.0 NOTE
r-release-macos-x86_64 3.1.0 NOTE
r-release-windows-ix86+x86_64 3.1.0 324.00 289.00 613.00 NOTE
r-oldrel-macos-x86_64 3.1.0 NOTE
r-oldrel-windows-ix86+x86_64 3.1.0 240.00 301.00 541.00 NOTE

Check Details

Version: 3.1.0
Check: installed package size
Result: NOTE
     installed size is 9.0Mb
     sub-directories of 1Mb or more:
     doc 1.9Mb
     libs 6.3Mb
Flavors: r-devel-linux-x86_64-fedora-clang, r-release-macos-arm64, r-release-macos-x86_64, r-release-windows-ix86+x86_64, r-oldrel-macos-x86_64, r-oldrel-windows-ix86+x86_64