Last updated on 2023-10-02 22:08:12 CEST.
Flavor | Version | Tinstall | Tcheck | Ttotal | Status | Flags |
---|---|---|---|---|---|---|
r-devel-linux-x86_64-debian-clang | 3.2.1 | 155.80 | 151.26 | 307.06 | OK | |
r-devel-linux-x86_64-debian-gcc | 3.2.1 | 102.52 | 116.48 | 219.00 | OK | |
r-devel-linux-x86_64-fedora-clang | 3.2.1 | 430.89 | OK | |||
r-devel-linux-x86_64-fedora-gcc | 3.2.1 | 446.66 | OK | |||
r-devel-windows-x86_64 | 3.2.1 | 111.00 | 226.00 | 337.00 | OK | |
r-patched-linux-x86_64 | 3.2.1 | 155.18 | 148.08 | 303.26 | OK | |
r-release-linux-x86_64 | 3.2.1 | 143.74 | 148.12 | 291.86 | OK | |
r-release-macos-arm64 | 3.2.1 | 128.00 | NOTE | |||
r-release-macos-x86_64 | 3.2.1 | 207.00 | NOTE | |||
r-release-windows-x86_64 | 3.2.1 | 153.00 | 244.00 | 397.00 | OK | |
r-oldrel-macos-arm64 | 3.2.1 | 106.00 | NOTE | |||
r-oldrel-macos-x86_64 | 3.2.1 | 139.00 | NOTE | |||
r-oldrel-windows-x86_64 | 3.2.1 | 140.00 | 244.00 | 384.00 | OK |
Version: 3.2.1
Check: installed package size
Result: NOTE
installed size is 9.5Mb
sub-directories of 1Mb or more:
doc 1.9Mb
libs 6.8Mb
Flavors: r-release-macos-arm64, r-release-macos-x86_64, r-oldrel-macos-arm64, r-oldrel-macos-x86_64