Last updated on 2024-04-24 23:00:36 CEST.
Flavor | Version | Tinstall | Tcheck | Ttotal | Status | Flags |
---|---|---|---|---|---|---|
r-devel-linux-x86_64-debian-clang | 1.0-1 | 25.96 | 214.04 | 240.00 | OK | |
r-devel-linux-x86_64-debian-gcc | 1.0-1 | 21.33 | 155.88 | 177.21 | OK | |
r-devel-linux-x86_64-fedora-clang | 1.0-1 | 297.79 | NOTE | |||
r-devel-linux-x86_64-fedora-gcc | 1.0-1 | 295.23 | OK | |||
r-devel-windows-x86_64 | 1.0-1 | 24.00 | 177.00 | 201.00 | OK | |
r-patched-linux-x86_64 | 1.0-1 | 33.75 | 201.96 | 235.71 | OK | |
r-release-linux-x86_64 | 1.0-1 | 23.99 | 207.11 | 231.10 | OK | |
r-release-macos-arm64 | 1.0-1 | 89.00 | OK | |||
r-release-windows-x86_64 | 1.0-1 | 23.00 | 178.00 | 201.00 | OK | |
r-oldrel-macos-arm64 | 1.0-1 | 74.00 | OK | |||
r-oldrel-macos-x86_64 | 1.0-1 | 121.00 | OK | |||
r-oldrel-windows-x86_64 | 1.0-1 | 28.00 | 225.00 | 253.00 | OK |
Version: 1.0-1
Check: Rd cross-references
Result: NOTE
Undeclared package ‘dbscan’ in Rd xrefs
Flavor: r-devel-linux-x86_64-fedora-clang