Last updated on 2023-09-26 23:04:27 CEST.
Flavor | Version | Tinstall | Tcheck | Ttotal | Status | Flags |
---|---|---|---|---|---|---|
r-devel-linux-x86_64-debian-clang | 1.0-1 | 27.12 | 218.21 | 245.33 | OK | |
r-devel-linux-x86_64-debian-gcc | 1.0-1 | 21.73 | 159.97 | 181.70 | OK | |
r-devel-linux-x86_64-fedora-clang | 1.0-1 | 291.17 | NOTE | |||
r-devel-linux-x86_64-fedora-gcc | 1.0-1 | 314.37 | OK | |||
r-devel-windows-x86_64 | 1.0-1 | 22.00 | 180.00 | 202.00 | OK | |
r-patched-linux-x86_64 | 1.0-1 | 30.34 | 203.89 | 234.23 | OK | |
r-release-linux-x86_64 | 1.0-1 | 20.98 | 210.44 | 231.42 | OK | |
r-release-macos-arm64 | 1.0-1 | 89.00 | OK | |||
r-release-macos-x86_64 | 1.0-1 | 121.00 | OK | |||
r-release-windows-x86_64 | 1.0-1 | 32.00 | 223.00 | 255.00 | OK | |
r-oldrel-macos-arm64 | 1.0-1 | 74.00 | OK | |||
r-oldrel-macos-x86_64 | 1.0-1 | 104.00 | OK | |||
r-oldrel-windows-x86_64 | 1.0-1 | 29.00 | 213.00 | 242.00 | OK |
Version: 1.0-1
Check: Rd cross-references
Result: NOTE
Undeclared package ‘dbscan’ in Rd xrefs
Flavor: r-devel-linux-x86_64-fedora-clang