CRAN Package Check Results for Package stplanr

Last updated on 2021-10-21 22:50:52 CEST.

Flavor Version Tinstall Tcheck Ttotal Status Flags
r-devel-linux-x86_64-debian-clang 0.8.4 61.25 334.05 395.30 OK
r-devel-linux-x86_64-debian-gcc 0.8.4 52.16 246.98 299.14 NOTE
r-devel-linux-x86_64-fedora-clang 0.8.4 NOTE
r-devel-linux-x86_64-fedora-gcc 0.8.4 303.32 NOTE
r-devel-windows-x86_64 0.8.4 98.00 395.00 493.00 OK
r-devel-windows-x86_64-gcc10-UCRT 0.8.4 ERROR
r-patched-linux-x86_64 0.8.4 57.56 334.36 391.92 OK
r-patched-solaris-x86 0.8.4 583.70 WARN
r-release-linux-x86_64 0.8.4 58.32 327.69 386.01 NOTE
r-release-macos-arm64 0.8.3 NOTE
r-release-macos-x86_64 0.8.4 NOTE
r-release-windows-ix86+x86_64 0.8.4 95.00 462.00 557.00 NOTE
r-oldrel-macos-x86_64 0.8.4 NOTE
r-oldrel-windows-ix86+x86_64 0.8.4 105.00 497.00 602.00 NOTE

Check Details

Version: 0.8.4
Check: package dependencies
Result: NOTE
    Package suggested but not available for checking: ‘stats19’
Flavors: r-devel-linux-x86_64-debian-gcc, r-devel-linux-x86_64-fedora-clang, r-devel-linux-x86_64-fedora-gcc, r-patched-solaris-x86, r-release-linux-x86_64

Version: 0.8.4
Check: package dependencies
Result: ERROR
    Package required but not available: 'igraph'
    
    Package suggested but not available for checking: 'pct'
    
    See section 'The DESCRIPTION file' in the 'Writing R Extensions'
    manual.
Flavor: r-devel-windows-x86_64-gcc10-UCRT

Version: 0.8.4
Check: re-building of vignette outputs
Result: WARN
    Error(s) in re-building vignettes:
     ...
    --- re-building ‘stplanr-od.Rmd’ using rmarkdown
    Pandoc is required to build R Markdown vignettes but not available. Please make sure it is installed.
    --- finished re-building ‘stplanr-od.Rmd’
    
    --- re-building ‘stplanr-paper.Rmd’ using rmarkdown
    Pandoc is required to build R Markdown vignettes but not available. Please make sure it is installed.
    --- finished re-building ‘stplanr-paper.Rmd’
    
    --- re-building ‘stplanr-parallel.Rmd’ using rmarkdown
    Pandoc is required to build R Markdown vignettes but not available. Please make sure it is installed.
    --- finished re-building ‘stplanr-parallel.Rmd’
    
    --- re-building ‘stplanr-route-nets.Rmd’ using rmarkdown
    Pandoc is required to build R Markdown vignettes but not available. Please make sure it is installed.
    Linking to GEOS 3.9.1, GDAL 2.4.4, PROJ 5.2.0
    --- finished re-building ‘stplanr-route-nets.Rmd’
    
    --- re-building ‘stplanr-routing.Rmd’ using rmarkdown
    Pandoc is required to build R Markdown vignettes but not available. Please make sure it is installed.
    --- finished re-building ‘stplanr-routing.Rmd’
    
    --- re-building ‘stplanr.Rmd’ using rmarkdown
    Pandoc is required to build R Markdown vignettes but not available. Please make sure it is installed.
    Quitting from lines 163-165 (stplanr.Rmd)
    Error: processing vignette 'stplanr.Rmd' failed with diagnostics:
    NA value(s) in bounding box. Trying to plot empty geometries?
    --- failed re-building ‘stplanr.Rmd’
    
    SUMMARY: processing the following file failed:
     ‘stplanr.Rmd’
    
    Error: Vignette re-building failed.
    Execution halted
Flavor: r-patched-solaris-x86

Version: 0.8.3
Check: installed package size
Result: NOTE
     installed size is 7.5Mb
     sub-directories of 1Mb or more:
     doc 2.8Mb
     libs 2.2Mb
Flavor: r-release-macos-arm64

Version: 0.8.4
Check: installed package size
Result: NOTE
     installed size is 5.1Mb
     sub-directories of 1Mb or more:
     libs 1.8Mb
Flavors: r-release-macos-x86_64, r-release-windows-ix86+x86_64, r-oldrel-macos-x86_64, r-oldrel-windows-ix86+x86_64