Last updated on 2024-04-18 22:53:02 CEST.
Flavor | Version | Tinstall | Tcheck | Ttotal | Status | Flags |
---|---|---|---|---|---|---|
r-devel-linux-x86_64-debian-clang | 1.1.2 | 8.96 | 118.65 | 127.61 | NOTE | |
r-devel-linux-x86_64-debian-gcc | 1.1.2 | 6.95 | 87.55 | 94.50 | NOTE | |
r-devel-linux-x86_64-fedora-clang | 1.1.2 | 165.53 | NOTE | |||
r-devel-linux-x86_64-fedora-gcc | 1.1.2 | 180.39 | NOTE | |||
r-prerel-macos-arm64 | 1.1.2 | 73.00 | NOTE | |||
r-prerel-windows-x86_64 | 1.1.2 | 10.00 | 131.00 | 141.00 | NOTE | |
r-patched-linux-x86_64 | 1.1.2 | 12.99 | 112.36 | 125.35 | NOTE | |
r-release-linux-x86_64 | 1.1.2 | 8.95 | 114.33 | 123.28 | OK | |
r-release-macos-arm64 | 1.1.2 | 72.00 | OK | |||
r-release-macos-x86_64 | 1.1.2 | 143.00 | OK | |||
r-release-windows-x86_64 | 1.1.2 | 12.00 | 154.00 | 166.00 | OK | |
r-oldrel-macos-arm64 | 1.1.2 | 70.00 | OK | |||
r-oldrel-windows-x86_64 | 1.1.2 | 15.00 | 146.00 | 161.00 | OK |
Version: 1.1.2
Check: Rd files
Result: NOTE
checkRd: (-1) geo_toptail.Rd:26: Lost braces; missing escapes or markup?
26 | in {stplanr} v0.8.5 for an implementation that uses the geosphere
| ^
Flavors: r-devel-linux-x86_64-debian-clang, r-devel-linux-x86_64-debian-gcc, r-devel-linux-x86_64-fedora-clang, r-devel-linux-x86_64-fedora-gcc, r-prerel-macos-arm64, r-prerel-windows-x86_64, r-patched-linux-x86_64