Last updated on 2023-09-21 23:03:34 CEST.
Flavor | Version | Tinstall | Tcheck | Ttotal | Status | Flags |
---|---|---|---|---|---|---|
r-devel-linux-x86_64-debian-clang | 1.1.6 | 130.59 | 64.68 | 195.27 | OK | |
r-devel-linux-x86_64-debian-gcc | 1.1.6 | 99.12 | 49.26 | 148.38 | OK | |
r-devel-linux-x86_64-fedora-clang | 1.1.6 | 263.60 | OK | |||
r-devel-linux-x86_64-fedora-gcc | 1.1.6 | 281.11 | OK | |||
r-devel-windows-x86_64 | 1.1.6 | 93.00 | 96.00 | 189.00 | NOTE | |
r-patched-linux-x86_64 | 1.1.6 | 125.32 | 60.78 | 186.10 | OK | |
r-release-linux-x86_64 | 1.1.6 | 120.58 | 64.01 | 184.59 | OK | |
r-release-macos-arm64 | 1.1.6 | 91.00 | NOTE | |||
r-release-macos-x86_64 | 1.1.6 | 133.00 | NOTE | |||
r-release-windows-x86_64 | 1.1.6 | 126.00 | 104.00 | 230.00 | NOTE | |
r-oldrel-macos-arm64 | 1.1.6 | 85.00 | NOTE | |||
r-oldrel-macos-x86_64 | 1.1.6 | 92.00 | NOTE | |||
r-oldrel-windows-x86_64 | 1.1.6 | 112.00 | 98.00 | 210.00 | OK |
Version: 1.1.6
Check: C++ specification
Result: NOTE
Specified C++14: please drop specification unless essential
Flavors: r-devel-windows-x86_64, r-release-windows-x86_64
Version: 1.1.6
Check: installed package size
Result: NOTE
installed size is 10.6Mb
sub-directories of 1Mb or more:
libs 9.3Mb
Flavors: r-release-macos-arm64, r-release-macos-x86_64, r-oldrel-macos-arm64, r-oldrel-macos-x86_64